CRAN Package Check Results for Package CINmetrics

Last updated on 2025-11-20 02:49:10 CET.

Flavor Version Tinstall Tcheck Ttotal Status Flags
r-devel-linux-x86_64-debian-clang 0.1.0 1.82 24.95 26.77 NOTE
r-devel-linux-x86_64-debian-gcc 0.1.0 1.42 20.91 22.33 NOTE
r-devel-linux-x86_64-fedora-clang 0.1.0 42.22 OK
r-devel-linux-x86_64-fedora-gcc 0.1.0 52.45 OK
r-devel-windows-x86_64 0.1.0 4.00 44.00 48.00 OK
r-patched-linux-x86_64 0.1.0 2.03 23.62 25.65 OK
r-release-linux-x86_64 0.1.0 1.90 23.36 25.26 OK
r-release-macos-arm64 0.1.0 OK
r-release-macos-x86_64 0.1.0 2.00 41.00 43.00 OK
r-release-windows-x86_64 0.1.0 5.00 44.00 49.00 OK
r-oldrel-macos-arm64 0.1.0 OK
r-oldrel-macos-x86_64 0.1.0 2.00 32.00 34.00 OK
r-oldrel-windows-x86_64 0.1.0 4.00 49.00 53.00 OK

Check Details

Version: 0.1.0
Check: CRAN incoming feasibility
Result: NOTE Maintainer: ‘Vishal H. Oza <vishoza@uab.edu>’ No Authors@R field in DESCRIPTION. Please add one, modifying Authors@R: c(person(given = c("Vishal", "H."), family = "Oza", role = c("aut", "cre"), email = "vishoza@uab.edu"), person(given = "Roshan", family = "Darji", role = "aut"), person(given = c("Brittany", "N."), family = "Lasseigne", role = "aut")) as necessary. Flavors: r-devel-linux-x86_64-debian-clang, r-devel-linux-x86_64-debian-gcc