CRAN Package Check Results for Package COLP

Last updated on 2025-11-24 01:48:34 CET.

Flavor Version Tinstall Tcheck Ttotal Status Flags
r-devel-linux-x86_64-debian-clang 1.0.0 1.58 20.03 21.61 NOTE
r-devel-linux-x86_64-debian-gcc 1.0.0 1.39 16.82 18.21 NOTE
r-devel-linux-x86_64-fedora-clang 1.0.0 13.00 20.75 33.75 OK
r-devel-windows-x86_64 1.0.0 3.00 37.00 40.00 OK
r-patched-linux-x86_64 1.0.0 1.62 18.76 20.38 OK
r-release-linux-x86_64 1.0.0 1.55 18.67 20.22 OK
r-release-macos-arm64 1.0.0 OK
r-release-macos-x86_64 1.0.0 2.00 25.00 27.00 OK
r-release-windows-x86_64 1.0.0 4.00 46.00 50.00 OK
r-oldrel-macos-arm64 1.0.0 OK
r-oldrel-macos-x86_64 1.0.0 2.00 22.00 24.00 OK
r-oldrel-windows-x86_64 1.0.0 4.00 41.00 45.00 OK

Check Details

Version: 1.0.0
Check: CRAN incoming feasibility
Result: NOTE Maintainer: ‘Yang Ni <yni@stat.tamu.edu>’ The Description field contains categorical data. See Ni, Y. (2022) <arXiv:2209.08579> "Bivariate Please refer to arXiv e-prints via their arXiv DOI <doi:10.48550/arXiv.YYMM.NNNNN>. Flavors: r-devel-linux-x86_64-debian-clang, r-devel-linux-x86_64-debian-gcc