Last updated on 2025-11-20 02:49:10 CET.
| Flavor | Version | Tinstall | Tcheck | Ttotal | Status | Flags |
|---|---|---|---|---|---|---|
| r-devel-linux-x86_64-debian-clang | 3.0.0 | 10.75 | 27.01 | 37.76 | NOTE | |
| r-devel-linux-x86_64-debian-gcc | 3.0.0 | 8.17 | 22.37 | 30.54 | NOTE | |
| r-devel-linux-x86_64-fedora-clang | 3.0.0 | 15.00 | 42.98 | 57.98 | OK | |
| r-devel-linux-x86_64-fedora-gcc | 3.0.0 | 26.00 | 32.21 | 58.21 | OK | |
| r-devel-windows-x86_64 | 3.0.0 | 17.00 | 68.00 | 85.00 | OK | |
| r-patched-linux-x86_64 | 3.0.0 | 11.32 | 25.99 | 37.31 | OK | |
| r-release-linux-x86_64 | 3.0.0 | 10.92 | 25.72 | 36.64 | OK | |
| r-release-macos-arm64 | 3.0.0 | OK | ||||
| r-release-macos-x86_64 | 3.0.0 | 7.00 | 27.00 | 34.00 | OK | |
| r-release-windows-x86_64 | 3.0.0 | 15.00 | 61.00 | 76.00 | OK | |
| r-oldrel-macos-arm64 | 3.0.0 | OK | ||||
| r-oldrel-macos-x86_64 | 3.0.0 | 8.00 | 24.00 | 32.00 | OK | |
| r-oldrel-windows-x86_64 | 3.0.0 | 18.00 | 73.00 | 91.00 | OK |
Version: 3.0.0
Check: CRAN incoming feasibility
Result: NOTE
Maintainer: ‘Stéphane Laurent <laurent_step@outlook.fr>’
No Authors@R field in DESCRIPTION.
Please add one, modifying
Authors@R: person(given = "Stéphane",
family = "Laurent",
role = c("aut", "cre"),
email = "laurent_step@outlook.fr")
as necessary.
Flavors: r-devel-linux-x86_64-debian-clang, r-devel-linux-x86_64-debian-gcc