Last updated on 2025-11-20 03:50:04 CET.
| Flavor | Version | Tinstall | Tcheck | Ttotal | Status | Flags |
|---|---|---|---|---|---|---|
| r-devel-linux-x86_64-debian-clang | 1.0.2 | 61.02 | 287.91 | 348.93 | OK | |
| r-devel-linux-x86_64-debian-gcc | 1.0.2 | 44.93 | 198.77 | 243.70 | OK | |
| r-devel-linux-x86_64-fedora-clang | 1.0.2 | 166.00 | 372.53 | 538.53 | OK | |
| r-devel-linux-x86_64-fedora-gcc | 1.0.2 | 141.00 | 379.23 | 520.23 | OK | |
| r-devel-windows-x86_64 | 1.0.2 | 57.00 | 254.00 | 311.00 | OK | |
| r-patched-linux-x86_64 | 1.0.2 | 62.19 | 273.58 | 335.77 | OK | |
| r-release-linux-x86_64 | 1.0.2 | 64.56 | 273.39 | 337.95 | OK | |
| r-release-macos-arm64 | 1.0.2 | OK | ||||
| r-release-macos-x86_64 | 1.0.2 | 12.00 | ERROR | |||
| r-release-windows-x86_64 | 1.0.2 | 57.00 | 246.00 | 303.00 | OK | |
| r-oldrel-macos-arm64 | 1.0.2 | NOTE | ||||
| r-oldrel-macos-x86_64 | 1.0.2 | 12.00 | ERROR | |||
| r-oldrel-windows-x86_64 | 1.0.2 | 1.00 | 9.00 | 10.00 | ERROR |
Version: 1.0.2
Check: package dependencies
Result: ERROR
Package required but not available: ‘ctsem’
See section ‘The DESCRIPTION file’ in the ‘Writing R Extensions’
manual.
Flavors: r-release-macos-x86_64, r-oldrel-macos-x86_64
Version: 1.0.2
Check: installed package size
Result: NOTE
installed size is 8.0Mb
sub-directories of 1Mb or more:
data 5.4Mb
guide 1.6Mb
Flavor: r-oldrel-macos-arm64
Version: 1.0.2
Check: package dependencies
Result: ERROR
Packages required but not available: 'OpenMx', 'MBESS'
See section 'The DESCRIPTION file' in the 'Writing R Extensions'
manual.
Flavor: r-oldrel-windows-x86_64