Last updated on 2025-10-25 01:50:56 CEST.
| Flavor | Version | Tinstall | Tcheck | Ttotal | Status | Flags |
|---|---|---|---|---|---|---|
| r-devel-linux-x86_64-debian-clang | 3.1 | 8.45 | 75.43 | 83.88 | NOTE | |
| r-devel-linux-x86_64-debian-gcc | 3.1 | 6.57 | 55.30 | 61.87 | NOTE | |
| r-devel-linux-x86_64-fedora-clang | 3.1 | 19.00 | 108.39 | 127.39 | OK | |
| r-devel-linux-x86_64-fedora-gcc | 3.1 | 21.00 | 116.66 | 137.66 | OK | |
| r-devel-windows-x86_64 | 3.1 | 10.00 | 90.00 | 100.00 | OK | |
| r-patched-linux-x86_64 | 3.1 | 9.93 | 71.76 | 81.69 | OK | |
| r-release-linux-x86_64 | 3.1 | 8.40 | 72.15 | 80.55 | OK | |
| r-release-macos-arm64 | 3.1 | 5.00 | 47.00 | 52.00 | OK | |
| r-release-macos-x86_64 | 3.1 | 11.00 | 73.00 | 84.00 | OK | |
| r-release-windows-x86_64 | 3.1 | 10.00 | 92.00 | 102.00 | OK | |
| r-oldrel-macos-arm64 | 3.1 | 4.00 | 37.00 | 41.00 | OK | |
| r-oldrel-macos-x86_64 | 3.1 | 6.00 | 58.00 | 64.00 | OK | |
| r-oldrel-windows-x86_64 | 3.1 | 14.00 | 110.00 | 124.00 | OK |
Version: 3.1
Check: CRAN incoming feasibility
Result: NOTE
Maintainer: ‘David M. Smith <dmccsmith@verizon.net>’
No Authors@R field in DESCRIPTION.
Please add one, modifying
Authors@R: c(person(given = c("David", "M"),
family = "Smith",
role = "aut"),
person(given = c("Malcolm", "J"),
family = "Faddy",
role = "aut"),
person(given = c("David", "M."),
family = "Smith",
role = "cre",
email = "dmccsmith@verizon.net"))
as necessary.
Flavors: r-devel-linux-x86_64-debian-clang, r-devel-linux-x86_64-debian-gcc