CRAN Package Check Results for Package DRAYL

Last updated on 2025-11-20 02:49:12 CET.

Flavor Version Tinstall Tcheck Ttotal Status Flags
r-devel-linux-x86_64-debian-clang 1.0 2.53 32.99 35.52 NOTE
r-devel-linux-x86_64-debian-gcc 1.0 2.29 25.50 27.79 NOTE
r-devel-linux-x86_64-fedora-clang 1.0 54.38 OK
r-devel-linux-x86_64-fedora-gcc 1.0 52.28 OK
r-devel-windows-x86_64 1.0 4.00 49.00 53.00 OK
r-patched-linux-x86_64 1.0 2.70 30.99 33.69 OK
r-release-linux-x86_64 1.0 2.62 31.53 34.15 OK
r-release-macos-arm64 1.0 OK
r-release-macos-x86_64 1.0 2.00 32.00 34.00 OK
r-release-windows-x86_64 1.0 4.00 47.00 51.00 OK
r-oldrel-macos-arm64 1.0 NOTE
r-oldrel-macos-x86_64 1.0 2.00 27.00 29.00 NOTE
r-oldrel-windows-x86_64 1.0 5.00 58.00 63.00 NOTE

Check Details

Version: 1.0
Check: CRAN incoming feasibility
Result: NOTE Maintainer: ‘Martin Wiegand <Martin.Wiegand@manchester.ac.uk>’ No Authors@R field in DESCRIPTION. Please add one, modifying Authors@R: person(given = "Martin", family = "Wiegand", role = c("aut", "cre"), email = "martin.wiegand@manchester.ac.uk") as necessary. Flavors: r-devel-linux-x86_64-debian-clang, r-devel-linux-x86_64-debian-gcc

Version: 1.0
Check: LazyData
Result: NOTE 'LazyData' is specified without a 'data' directory Flavors: r-oldrel-macos-arm64, r-oldrel-macos-x86_64, r-oldrel-windows-x86_64