Last updated on 2024-06-15 01:51:08 CEST.
Flavor | Version | Tinstall | Tcheck | Ttotal | Status | Flags |
---|---|---|---|---|---|---|
r-devel-linux-x86_64-debian-clang | 0.1.2 | 5.81 | 28.22 | 34.03 | OK | |
r-devel-linux-x86_64-debian-gcc | 0.1.2 | 4.09 | 21.32 | 25.41 | OK | |
r-devel-linux-x86_64-fedora-clang | 0.1.2 | 41.19 | NOTE | |||
r-devel-linux-x86_64-fedora-gcc | 0.1.2 | 40.11 | OK | |||
r-devel-windows-x86_64 | 0.1.2 | 5.00 | 43.00 | 48.00 | OK | |
r-patched-linux-x86_64 | 0.1.2 | 4.02 | 26.68 | 30.70 | OK | |
r-release-linux-x86_64 | 0.1.2 | 5.04 | 26.34 | 31.38 | OK | |
r-release-macos-arm64 | 0.1.2 | 18.00 | OK | |||
r-release-macos-x86_64 | 0.1.2 | 24.00 | OK | |||
r-release-windows-x86_64 | 0.1.2 | 4.00 | 44.00 | 48.00 | OK | |
r-oldrel-macos-arm64 | 0.1.2 | 17.00 | OK | |||
r-oldrel-macos-x86_64 | 0.1.2 | 36.00 | OK | |||
r-oldrel-windows-x86_64 | 0.1.2 | 4.00 | 46.00 | 50.00 | OK |
Version: 0.1.2
Check: Rd cross-references
Result: NOTE
Undeclared packages ‘DiscreteFDR’, ‘FDX’ in Rd xrefs
Flavor: r-devel-linux-x86_64-fedora-clang