Last updated on 2025-10-25 01:50:58 CEST.
| Flavor | Version | Tinstall | Tcheck | Ttotal | Status | Flags |
|---|---|---|---|---|---|---|
| r-devel-linux-x86_64-debian-clang | 2.4-2 | 7.26 | 111.15 | 118.41 | OK | |
| r-devel-linux-x86_64-debian-gcc | 2.4-2 | 4.72 | 80.12 | 84.84 | OK | |
| r-devel-linux-x86_64-fedora-clang | 2.4-2 | 24.00 | 158.87 | 182.87 | NOTE | |
| r-devel-linux-x86_64-fedora-gcc | 2.4-2 | 16.00 | 166.23 | 182.23 | NOTE | |
| r-devel-windows-x86_64 | 2.4-2 | 10.00 | 155.00 | 165.00 | OK | |
| r-patched-linux-x86_64 | 2.4-2 | 7.45 | 106.53 | 113.98 | OK | |
| r-release-linux-x86_64 | 2.4-2 | 6.00 | 106.69 | 112.69 | OK | |
| r-release-macos-arm64 | 2.4-2 | 3.00 | 51.00 | 54.00 | OK | |
| r-release-macos-x86_64 | 2.4-2 | 4.00 | 75.00 | 79.00 | OK | |
| r-release-windows-x86_64 | 2.4-2 | 9.00 | 158.00 | 167.00 | OK | |
| r-oldrel-macos-arm64 | 2.4-2 | 2.00 | 38.00 | 40.00 | OK | |
| r-oldrel-macos-x86_64 | 2.4-2 | 4.00 | 65.00 | 69.00 | OK | |
| r-oldrel-windows-x86_64 | 2.4-2 | 11.00 | 189.00 | 200.00 | OK |
Version: 2.4-2
Check: dependencies in R code
Result: NOTE
Namespace in Imports field not imported from: ‘tibble’
All declared Imports should be used.
Flavors: r-devel-linux-x86_64-fedora-clang, r-devel-linux-x86_64-fedora-gcc