Last updated on 2025-10-26 01:49:51 CEST.
| Flavor | Version | Tinstall | Tcheck | Ttotal | Status | Flags |
|---|---|---|---|---|---|---|
| r-devel-linux-x86_64-debian-clang | 1.4 | 8.83 | 611.15 | 619.98 | OK | |
| r-devel-linux-x86_64-debian-gcc | 1.4 | 5.84 | 366.71 | 372.55 | OK | |
| r-devel-linux-x86_64-fedora-clang | 1.4 | 19.00 | 917.20 | 936.20 | OK | |
| r-devel-linux-x86_64-fedora-gcc | 1.4 | 18.00 | 933.99 | 951.99 | OK | |
| r-devel-windows-x86_64 | 1.4 | 10.00 | 135.00 | 145.00 | OK | --no-vignettes |
| r-patched-linux-x86_64 | 1.4 | 9.14 | 571.62 | 580.76 | OK | |
| r-release-linux-x86_64 | 1.4 | 8.61 | 570.50 | 579.11 | OK | |
| r-release-macos-arm64 | 1.4 | 5.00 | 304.00 | 309.00 | OK | |
| r-release-macos-x86_64 | 1.4 | 7.00 | 462.00 | 469.00 | OK | |
| r-release-windows-x86_64 | 1.4 | 11.00 | 142.00 | 153.00 | OK | --no-vignettes |
| r-oldrel-macos-arm64 | 1.4 | 4.00 | 212.00 | 216.00 | NOTE | |
| r-oldrel-macos-x86_64 | 1.4 | 7.00 | 386.00 | 393.00 | NOTE | |
| r-oldrel-windows-x86_64 | 1.4 | 15.00 | 156.00 | 171.00 | NOTE | --no-vignettes |
Version: 1.4
Check: installed package size
Result: NOTE
installed size is 5.2Mb
sub-directories of 1Mb or more:
data 1.4Mb
doc 3.5Mb
Flavors: r-oldrel-macos-arm64, r-oldrel-macos-x86_64
Version: 1.4
Flags: --no-vignettes
Check: installed package size
Result: NOTE
installed size is 5.2Mb
sub-directories of 1Mb or more:
data 1.4Mb
doc 3.5Mb
Flavor: r-oldrel-windows-x86_64