Last updated on 2025-10-25 01:51:00 CEST.
| Flavor | Version | Tinstall | Tcheck | Ttotal | Status | Flags |
|---|---|---|---|---|---|---|
| r-devel-linux-x86_64-debian-clang | 0.2.0 | 8.88 | 73.14 | 82.02 | NOTE | |
| r-devel-linux-x86_64-debian-gcc | 0.2.0 | 5.96 | 54.80 | 60.76 | NOTE | |
| r-devel-linux-x86_64-fedora-clang | 0.2.0 | 20.00 | 98.17 | 118.17 | OK | |
| r-devel-linux-x86_64-fedora-gcc | 0.2.0 | 16.00 | 97.65 | 113.65 | OK | |
| r-devel-windows-x86_64 | 0.2.0 | 9.00 | 82.00 | 91.00 | OK | |
| r-patched-linux-x86_64 | 0.2.0 | 7.30 | 70.47 | 77.77 | OK | |
| r-release-linux-x86_64 | 0.2.0 | 6.73 | 69.71 | 76.44 | OK | |
| r-release-macos-arm64 | 0.2.0 | 4.00 | 38.00 | 42.00 | OK | |
| r-release-macos-x86_64 | 0.2.0 | 7.00 | 65.00 | 72.00 | OK | |
| r-release-windows-x86_64 | 0.2.0 | 10.00 | 85.00 | 95.00 | OK | |
| r-oldrel-macos-arm64 | 0.2.0 | 4.00 | 32.00 | 36.00 | OK | |
| r-oldrel-macos-x86_64 | 0.2.0 | 6.00 | 49.00 | 55.00 | OK | |
| r-oldrel-windows-x86_64 | 0.2.0 | 12.00 | 102.00 | 114.00 | OK |
Version: 0.2.0
Check: CRAN incoming feasibility
Result: NOTE
Maintainer: ‘Jonas Peters <jonas.peters@math.ku.dk>’
No Authors@R field in DESCRIPTION.
Please add one, modifying
Authors@R: c(person(given = "Jonas",
family = "Peters",
role = c("aut", "cre"),
email = "jonas.peters@math.ku.dk"),
person(given = c("Rajen", "D."),
family = "Shah",
role = "aut"))
as necessary.
Flavors: r-devel-linux-x86_64-debian-clang, r-devel-linux-x86_64-debian-gcc