Last updated on 2025-10-28 02:50:48 CET.
| Flavor | Version | Tinstall | Tcheck | Ttotal | Status | Flags | 
|---|---|---|---|---|---|---|
| r-devel-linux-x86_64-debian-clang | 0.1.0 | 1.62 | 19.25 | 20.87 | NOTE | |
| r-devel-linux-x86_64-debian-gcc | 0.1.0 | 1.07 | 16.18 | 17.25 | NOTE | |
| r-devel-linux-x86_64-fedora-clang | 0.1.0 | 27.42 | OK | |||
| r-devel-linux-x86_64-fedora-gcc | 0.1.0 | 26.83 | OK | |||
| r-devel-windows-x86_64 | 0.1.0 | 3.00 | 37.00 | 40.00 | OK | |
| r-patched-linux-x86_64 | 0.1.0 | 1.67 | 16.93 | 18.60 | OK | |
| r-release-linux-x86_64 | 0.1.0 | 1.68 | 17.03 | 18.71 | OK | |
| r-release-macos-arm64 | 0.1.0 | 2.00 | 18.00 | 20.00 | OK | |
| r-release-macos-x86_64 | 0.1.0 | 2.00 | 23.00 | 25.00 | OK | |
| r-release-windows-x86_64 | 0.1.0 | 3.00 | 39.00 | 42.00 | OK | |
| r-oldrel-macos-arm64 | 0.1.0 | 1.00 | 13.00 | 14.00 | NOTE | |
| r-oldrel-macos-x86_64 | 0.1.0 | 1.00 | 18.00 | 19.00 | NOTE | |
| r-oldrel-windows-x86_64 | 0.1.0 | 4.00 | 42.00 | 46.00 | NOTE | 
Version: 0.1.0
Check: CRAN incoming feasibility
Result: NOTE
  Maintainer: ‘Mohamed El Fodil Ihaddaden <ihaddaden.fodeil@gmail.com>’
  
  No Authors@R field in DESCRIPTION.
  Please add one, modifying
    Authors@R: person(given = c("Mohamed", "El", "Fodil"),
                      family = "Ihaddaden",
                      role = c("aut", "cre"),
                      email = "ihaddaden.fodeil@gmail.com")
  as necessary.
Flavors: r-devel-linux-x86_64-debian-clang, r-devel-linux-x86_64-debian-gcc
Version: 0.1.0
Check: LazyData
Result: NOTE
    'LazyData' is specified without a 'data' directory
Flavors: r-oldrel-macos-arm64, r-oldrel-macos-x86_64, r-oldrel-windows-x86_64