Last updated on 2025-10-22 01:51:26 CEST.
Flavor | Version | Tinstall | Tcheck | Ttotal | Status | Flags |
---|---|---|---|---|---|---|
r-devel-linux-x86_64-debian-clang | 0.1.0.2 | 16.80 | 53.97 | 70.77 | NOTE | |
r-devel-linux-x86_64-debian-gcc | 0.1.0.2 | 11.41 | 42.59 | 54.00 | NOTE | |
r-devel-linux-x86_64-fedora-clang | 0.1.0.2 | 35.00 | 76.69 | 111.69 | OK | |
r-devel-linux-x86_64-fedora-gcc | 0.1.0.2 | 29.00 | 92.17 | 121.17 | OK | |
r-devel-windows-x86_64 | 0.1.0.2 | 22.00 | 80.00 | 102.00 | OK | |
r-patched-linux-x86_64 | 0.1.0.2 | 16.53 | 51.22 | 67.75 | OK | |
r-release-linux-x86_64 | 0.1.0.2 | 16.51 | 51.12 | 67.63 | OK | |
r-release-macos-arm64 | 0.1.0.2 | 8.00 | 30.00 | 38.00 | OK | |
r-release-macos-x86_64 | 0.1.0.2 | 10.00 | 64.00 | 74.00 | OK | |
r-release-windows-x86_64 | 0.1.0.2 | 22.00 | 87.00 | 109.00 | OK | |
r-oldrel-macos-arm64 | 0.1.0.2 | 7.00 | 36.00 | 43.00 | OK | |
r-oldrel-macos-x86_64 | 0.1.0.2 | 10.00 | 78.00 | 88.00 | OK | |
r-oldrel-windows-x86_64 | 0.1.0.2 | 25.00 | 101.00 | 126.00 | OK |
Version: 0.1.0.2
Check: HTML version of manual
Result: NOTE
Found the following HTML validation problems:
cluster.html:55:1 (cluster.Rd:14): Warning: missing </ul> before </div>
plot.GridOnClusters.html:85:1 (plot.GridOnClusters.Rd:33): Warning: missing </ul> before </div>
plotGOCpatterns.html:51:1 (plotGOCpatterns.Rd:12): Warning: missing </ul> before </div>
Flavors: r-devel-linux-x86_64-debian-clang, r-devel-linux-x86_64-debian-gcc