Last updated on 2024-05-21 02:02:04 CEST.
Flavor | Version | Tinstall | Tcheck | Ttotal | Status | Flags |
---|---|---|---|---|---|---|
r-devel-linux-x86_64-debian-clang | 1.1-0 | 13.71 | 114.29 | 128.00 | OK | |
r-devel-linux-x86_64-debian-gcc | 1.1-0 | 10.29 | 85.30 | 95.59 | OK | |
r-devel-linux-x86_64-fedora-clang | 1.1-0 | 153.99 | OK | |||
r-devel-linux-x86_64-fedora-gcc | 1.1-0 | 157.74 | OK | |||
r-devel-windows-x86_64 | 1.1-0 | 11.00 | 124.00 | 135.00 | OK | |
r-patched-linux-x86_64 | 1.1-0 | 12.99 | 108.88 | 121.87 | OK | |
r-release-linux-x86_64 | 1.1-0 | 11.38 | 107.28 | 118.66 | OK | |
r-release-macos-arm64 | 1.1-0 | 48.00 | OK | |||
r-release-windows-x86_64 | 1.1-0 | 11.00 | 120.00 | 131.00 | OK | |
r-oldrel-macos-arm64 | 1.1-0 | 57.00 | OK | |||
r-oldrel-macos-x86_64 | 1.1-0 | 91.00 | NOTE | |||
r-oldrel-windows-x86_64 | 1.1-0 | 14.00 | 129.00 | 143.00 | OK |
Version: 1.1-0
Check: re-building of vignette outputs
Result: NOTE
Error(s) in re-building vignettes:
...
--- re-building ‘HAC.Rnw’ using Sweave
Loading required package: copula
Warning in hac2nacopula(hac) : NAs introduced by coercion
Error: processing vignette 'HAC.Rnw' failed with diagnostics:
Running 'texi2dvi' on 'HAC.tex' failed.
LaTeX errors:
! LaTeX Error: File `german.sty' not found.
Type X to quit or <RETURN> to proceed,
or enter new name. (Default extension: sty)
! Emergency stop.
<read *>
l.47 \selectlanguage
{english}^^M
! ==> Fatal error occurred, no output PDF file produced!
--- failed re-building 'HAC.Rnw'
SUMMARY: processing the following file failed:
'HAC.Rnw'
Error: Vignette re-building failed.
Execution halted
Flavor: r-oldrel-macos-x86_64