Last updated on 2025-11-19 01:48:50 CET.
| Flavor | Version | Tinstall | Tcheck | Ttotal | Status | Flags |
|---|---|---|---|---|---|---|
| r-devel-linux-x86_64-debian-clang | 1.0-2 | 7.86 | 98.02 | 105.88 | NOTE | |
| r-devel-linux-x86_64-debian-gcc | 1.0-2 | 5.76 | 72.29 | 78.05 | NOTE | |
| r-devel-linux-x86_64-fedora-clang | 1.0-2 | 14.00 | 148.79 | 162.79 | OK | |
| r-devel-linux-x86_64-fedora-gcc | 1.0-2 | 16.00 | 140.08 | 156.08 | OK | |
| r-devel-windows-x86_64 | 1.0-2 | 11.00 | 103.00 | 114.00 | OK | |
| r-patched-linux-x86_64 | 1.0-2 | 7.71 | 95.77 | 103.48 | OK | |
| r-release-linux-x86_64 | 1.0-2 | 6.33 | 98.06 | 104.39 | OK | |
| r-release-macos-arm64 | 1.0-2 | 5.00 | 46.00 | 51.00 | OK | |
| r-release-macos-x86_64 | 1.0-2 | 8.00 | 115.00 | 123.00 | OK | |
| r-release-windows-x86_64 | 1.0-2 | 8.00 | 102.00 | 110.00 | OK | |
| r-oldrel-macos-arm64 | 1.0-2 | 4.00 | 46.00 | 50.00 | OK | |
| r-oldrel-macos-x86_64 | 1.0-2 | 5.00 | 70.00 | 75.00 | OK | |
| r-oldrel-windows-x86_64 | 1.0-2 | 12.00 | 133.00 | 145.00 | OK |
Version: 1.0-2
Check: CRAN incoming feasibility
Result: NOTE
Maintainer: ‘Xin Xu <xin.xu@yale.edu>’
No Authors@R field in DESCRIPTION.
Please add one, modifying
Authors@R: c(person(given = "Hanzhong",
family = "Liu",
role = "aut"),
person(given = "Xin",
family = "Xu",
role = c("aut", "cre"),
email = "xin.xu@yale.edu"),
person(given = c("Jingyi", "Jessica"),
family = "Li",
role = "aut"))
as necessary.
Flavors: r-devel-linux-x86_64-debian-clang, r-devel-linux-x86_64-debian-gcc