Last updated on 2025-10-22 01:51:29 CEST.
Flavor | Version | Tinstall | Tcheck | Ttotal | Status | Flags |
---|---|---|---|---|---|---|
r-devel-linux-x86_64-debian-clang | 1.1 | 7.18 | 61.88 | 69.06 | NOTE | |
r-devel-linux-x86_64-debian-gcc | 1.1 | 5.09 | 45.66 | 50.75 | NOTE | |
r-devel-linux-x86_64-fedora-clang | 1.1 | 15.00 | 89.45 | 104.45 | OK | |
r-devel-linux-x86_64-fedora-gcc | 1.1 | 15.00 | 84.99 | 99.99 | OK | |
r-devel-windows-x86_64 | 1.1 | 8.00 | 70.00 | 78.00 | OK | |
r-patched-linux-x86_64 | 1.1 | 7.51 | 59.60 | 67.11 | OK | |
r-release-linux-x86_64 | 1.1 | 6.86 | 59.34 | 66.20 | OK | |
r-release-macos-arm64 | 1.1 | 4.00 | 39.00 | 43.00 | OK | |
r-release-macos-x86_64 | 1.1 | 11.00 | 58.00 | 69.00 | OK | |
r-release-windows-x86_64 | 1.1 | 9.00 | 72.00 | 81.00 | OK | |
r-oldrel-macos-arm64 | 1.1 | 4.00 | 30.00 | 34.00 | OK | |
r-oldrel-macos-x86_64 | 1.1 | 5.00 | 43.00 | 48.00 | OK | |
r-oldrel-windows-x86_64 | 1.1 | 11.00 | 84.00 | 95.00 | OK |
Version: 1.1
Check: CRAN incoming feasibility
Result: NOTE
Maintainer: ‘Zihuai He <zihuai@umich.edu>’
No Authors@R field in DESCRIPTION.
Please add one, modifying
Authors@R: c(person(given = "Zihuai",
family = "He",
role = c("aut", "cre"),
email = "zihuai@umich.edu"),
person(given = "Seunggeun",
family = "Lee",
role = "aut"),
person(given = "Bhramar",
family = "Mukherjee",
role = "aut"),
person(given = "Min",
family = "Zhang",
role = "aut"))
as necessary.
Flavors: r-devel-linux-x86_64-debian-clang, r-devel-linux-x86_64-debian-gcc