Last updated on 2025-10-25 01:51:05 CEST.
| Flavor | Version | Tinstall | Tcheck | Ttotal | Status | Flags |
|---|---|---|---|---|---|---|
| r-devel-linux-x86_64-debian-clang | 1.1.0 | 13.97 | 125.38 | 139.35 | OK | |
| r-devel-linux-x86_64-debian-gcc | 1.1.0 | 11.51 | 89.90 | 101.41 | OK | |
| r-devel-linux-x86_64-fedora-clang | 1.1.0 | 29.00 | 185.67 | 214.67 | OK | |
| r-devel-linux-x86_64-fedora-gcc | 1.1.0 | 27.00 | 184.79 | 211.79 | OK | |
| r-devel-windows-x86_64 | 1.1.0 | 15.00 | 117.00 | 132.00 | OK | |
| r-patched-linux-x86_64 | 1.1.0 | 13.47 | 119.43 | 132.90 | OK | |
| r-release-linux-x86_64 | 1.1.0 | 14.37 | 118.60 | 132.97 | OK | |
| r-release-macos-arm64 | 1.1.0 | 6.00 | 50.00 | 56.00 | OK | |
| r-release-macos-x86_64 | 1.1.0 | 13.00 | 107.00 | 120.00 | OK | |
| r-release-windows-x86_64 | 1.1.0 | 17.00 | 122.00 | 139.00 | OK | |
| r-oldrel-macos-arm64 | 1.1.0 | 7.00 | 54.00 | 61.00 | NOTE | |
| r-oldrel-macos-x86_64 | 1.1.0 | 16.00 | 77.00 | 93.00 | NOTE | |
| r-oldrel-windows-x86_64 | 1.1.0 | 19.00 | 150.00 | 169.00 | NOTE |
Version: 1.1.0
Check: LazyData
Result: NOTE
'LazyData' is specified without a 'data' directory
Flavors: r-oldrel-macos-arm64, r-oldrel-macos-x86_64, r-oldrel-windows-x86_64