CRAN Package Check Results for Package MDPtoolbox

Last updated on 2025-10-22 01:51:30 CEST.

Flavor Version Tinstall Tcheck Ttotal Status Flags
r-devel-linux-x86_64-debian-clang 4.0.3 7.39 62.89 70.28 NOTE
r-devel-linux-x86_64-debian-gcc 4.0.3 5.21 45.77 50.98 NOTE
r-devel-linux-x86_64-fedora-clang 4.0.3 15.00 91.08 106.08 NOTE
r-devel-linux-x86_64-fedora-gcc 4.0.3 29.00 78.84 107.84 NOTE
r-devel-windows-x86_64 4.0.3 8.00 73.00 81.00 NOTE
r-patched-linux-x86_64 4.0.3 7.34 59.45 66.79 NOTE
r-release-linux-x86_64 4.0.3 7.19 58.44 65.63 NOTE
r-release-macos-arm64 4.0.3 3.00 33.00 36.00 NOTE
r-release-macos-x86_64 4.0.3 7.00 60.00 67.00 NOTE
r-release-windows-x86_64 4.0.3 8.00 75.00 83.00 NOTE
r-oldrel-macos-arm64 4.0.3 3.00 29.00 32.00 NOTE
r-oldrel-macos-x86_64 4.0.3 5.00 40.00 45.00 NOTE
r-oldrel-windows-x86_64 4.0.3 11.00 90.00 101.00 NOTE

Check Details

Version: 4.0.3
Check: CRAN incoming feasibility
Result: NOTE Maintainer: ‘Guillaume Chapron <gchapron@carnivoreconservation.org>’ No Authors@R field in DESCRIPTION. Please add one, modifying Authors@R: c(person(given = "Iadine", family = "Chades", role = "aut"), person(given = "Guillaume", family = "Chapron", role = c("aut", "cre"), email = "gchapron@carnivoreconservation.org"), person(given = "Marie-Josee", family = "Cros", role = "aut"), person(given = "Frederick", family = "Garcia", role = "aut"), person(given = "Regis", family = "Sabbadin", role = "aut")) as necessary. Flavors: r-devel-linux-x86_64-debian-clang, r-devel-linux-x86_64-debian-gcc

Version: 4.0.3
Check: Rd files
Result: NOTE checkRd: (-1) mdp_example_forest.Rd:36: Lost braces; missing escapes or markup? 36 | Let {1, ... S} be the states of the forest. the Sth state being the oldest. | ^ Flavors: r-devel-linux-x86_64-debian-clang, r-devel-linux-x86_64-debian-gcc, r-devel-linux-x86_64-fedora-clang, r-devel-linux-x86_64-fedora-gcc, r-devel-windows-x86_64, r-patched-linux-x86_64, r-release-linux-x86_64, r-release-macos-arm64, r-release-macos-x86_64, r-release-windows-x86_64, r-oldrel-macos-arm64, r-oldrel-macos-x86_64, r-oldrel-windows-x86_64