Last updated on 2025-10-28 02:50:52 CET.
| Flavor | Version | Tinstall | Tcheck | Ttotal | Status | Flags |
|---|---|---|---|---|---|---|
| r-devel-linux-x86_64-debian-clang | 0.1.0 | 10.02 | 106.19 | 116.21 | OK | |
| r-devel-linux-x86_64-debian-gcc | 0.1.0 | 6.23 | 77.38 | 83.61 | OK | |
| r-devel-linux-x86_64-fedora-clang | 0.1.0 | 30.00 | 159.08 | 189.08 | NOTE | |
| r-devel-linux-x86_64-fedora-gcc | 0.1.0 | 43.00 | 150.37 | 193.37 | NOTE | |
| r-devel-windows-x86_64 | 0.1.0 | 12.00 | 108.00 | 120.00 | OK | |
| r-patched-linux-x86_64 | 0.1.0 | 10.27 | 99.28 | 109.55 | OK | |
| r-release-linux-x86_64 | 0.1.0 | 8.37 | 100.23 | 108.60 | OK | |
| r-release-macos-arm64 | 0.1.0 | 4.00 | 49.00 | 53.00 | OK | |
| r-release-macos-x86_64 | 0.1.0 | 8.00 | 121.00 | 129.00 | OK | |
| r-release-windows-x86_64 | 0.1.0 | 12.00 | 111.00 | 123.00 | OK | |
| r-oldrel-macos-arm64 | 0.1.0 | 4.00 | 53.00 | 57.00 | OK | |
| r-oldrel-macos-x86_64 | 0.1.0 | 9.00 | 102.00 | 111.00 | OK | |
| r-oldrel-windows-x86_64 | 0.1.0 | 15.00 | 136.00 | 151.00 | OK |
Version: 0.1.0
Check: dependencies in R code
Result: NOTE
Namespaces in Imports field not imported from:
‘kableExtra’ ‘knitr’ ‘reshape2’ ‘tidyverse’
All declared Imports should be used.
Flavors: r-devel-linux-x86_64-fedora-clang, r-devel-linux-x86_64-fedora-gcc