Last updated on 2025-10-21 01:48:38 CEST.
Flavor | Version | Tinstall | Tcheck | Ttotal | Status | Flags |
---|---|---|---|---|---|---|
r-devel-linux-x86_64-debian-clang | 1.4.2 | 13.69 | 135.80 | 149.49 | OK | |
r-devel-linux-x86_64-debian-gcc | 1.4.2 | 9.34 | 95.52 | 104.86 | NOTE | |
r-devel-linux-x86_64-fedora-clang | 1.4.2 | 236.18 | OK | |||
r-devel-linux-x86_64-fedora-gcc | 1.4.2 | 219.48 | OK | |||
r-devel-windows-x86_64 | 1.4.2 | 14.00 | 160.00 | 174.00 | OK | |
r-patched-linux-x86_64 | 1.4.2 | 14.35 | 132.27 | 146.62 | OK | |
r-release-linux-x86_64 | 1.4.2 | 13.88 | 131.25 | 145.13 | OK | |
r-release-macos-arm64 | 1.4.2 | 57.00 | OK | |||
r-release-macos-x86_64 | 1.4.2 | 135.00 | OK | |||
r-release-windows-x86_64 | 1.4.2 | 14.00 | 157.00 | 171.00 | OK | |
r-oldrel-macos-arm64 | 1.4.2 | 62.00 | OK | |||
r-oldrel-macos-x86_64 | 1.4.2 | 131.00 | OK | |||
r-oldrel-windows-x86_64 | 1.4.2 | 21.00 | 199.00 | 220.00 | OK |
Version: 1.4.2
Check: HTML version of manual
Result: NOTE
Found the following HTML validation problems:
preprocessedData.html:50:1 (preprocessedData.Rd:12): Warning: missing </ul> before </div>
Flavor: r-devel-linux-x86_64-debian-gcc