Last updated on 2025-10-21 01:48:39 CEST.
Flavor | Version | Tinstall | Tcheck | Ttotal | Status | Flags |
---|---|---|---|---|---|---|
r-devel-linux-x86_64-debian-clang | 0.3.1 | 8.80 | 66.34 | 75.14 | NOTE | |
r-devel-linux-x86_64-debian-gcc | 0.3.1 | 5.41 | 48.46 | 53.87 | NOTE | |
r-devel-linux-x86_64-fedora-clang | 0.3.1 | 122.82 | OK | |||
r-devel-linux-x86_64-fedora-gcc | 0.3.1 | 108.45 | OK | |||
r-devel-windows-x86_64 | 0.3.1 | 10.00 | 77.00 | 87.00 | OK | |
r-patched-linux-x86_64 | 0.3.1 | 8.08 | 63.01 | 71.09 | OK | |
r-release-linux-x86_64 | 0.3.1 | 6.09 | 63.25 | 69.34 | OK | |
r-release-macos-arm64 | 0.3.1 | 34.00 | OK | |||
r-release-macos-x86_64 | 0.3.1 | 74.00 | OK | |||
r-release-windows-x86_64 | 0.3.1 | 10.00 | 70.00 | 80.00 | OK | |
r-oldrel-macos-arm64 | 0.3.1 | 28.00 | OK | |||
r-oldrel-macos-x86_64 | 0.3.1 | 69.00 | OK | |||
r-oldrel-windows-x86_64 | 0.3.1 | 9.00 | 68.00 | 77.00 | OK |
Version: 0.3.1
Check: CRAN incoming feasibility
Result: NOTE
Maintainer: ‘Yanming Di <diy@stat.oregonstate.edu>’
No Authors@R field in DESCRIPTION.
Please add one, modifying
Authors@R: c(person(given = "Yanming",
family = "Di",
role = c("aut", "cre"),
email = "diy@stat.oregonstate.edu"),
person(given = c("Daniel", "W"),
family = "Schafer",
role = "aut",
email = "schafer@stat.oregonstate.edu"),
person(given = c("with", "contributions", "from", "Jason", "S"),
family = "Cumbie",
role = "aut",
email = "cumbiej@onid.orst.edu"),
person(given = c("Jeff", "H"),
family = "Chang.",
role = "aut",
email = "changj@cgrb.oregonstate.edu"))
as necessary.
Flavors: r-devel-linux-x86_64-debian-clang, r-devel-linux-x86_64-debian-gcc
Version: 0.3.1
Check: HTML version of manual
Result: NOTE
Found the following HTML validation problems:
plot.nb.data.html:52:1 (plot.nb.data.Rd:10): Warning: missing </ul> before </div>
plot.nb.dispersion.html:53:1 (plot.nb.dispersion.Rd:11): Warning: missing </ul> before </div>
print.nb.data.html:51:1 (print.nb.data.Rd:10): Warning: missing </ul> before </div>
print.nb.dispersion.html:52:1 (print.nb.dispersion.Rd:11): Warning: missing </ul> before </div>
print.nb.test.html:52:1 (print.nb.test.Rd:10): Warning: missing </ul> before </div>
Flavor: r-devel-linux-x86_64-debian-gcc