Last updated on 2025-10-22 01:51:32 CEST.
Flavor | Version | Tinstall | Tcheck | Ttotal | Status | Flags |
---|---|---|---|---|---|---|
r-devel-linux-x86_64-debian-clang | 0.1.0 | 9.22 | 66.85 | 76.07 | NOTE | |
r-devel-linux-x86_64-debian-gcc | 0.1.0 | 6.23 | 46.65 | 52.88 | NOTE | |
r-devel-linux-x86_64-fedora-clang | 0.1.0 | 26.00 | 95.81 | 121.81 | NOTE | |
r-devel-linux-x86_64-fedora-gcc | 0.1.0 | 20.00 | 89.29 | 109.29 | NOTE | |
r-devel-windows-x86_64 | 0.1.0 | 11.00 | 77.00 | 88.00 | NOTE | |
r-patched-linux-x86_64 | 0.1.0 | 9.43 | 64.92 | 74.35 | NOTE | |
r-release-linux-x86_64 | 0.1.0 | 8.90 | 62.45 | 71.35 | NOTE | |
r-release-macos-arm64 | 0.1.0 | 4.00 | 27.00 | 31.00 | NOTE | |
r-release-macos-x86_64 | 0.1.0 | 8.00 | 48.00 | 56.00 | NOTE | |
r-release-windows-x86_64 | 0.1.0 | 11.00 | 80.00 | 91.00 | NOTE | |
r-oldrel-macos-arm64 | 0.1.0 | 4.00 | 30.00 | 34.00 | NOTE | |
r-oldrel-macos-x86_64 | 0.1.0 | 5.00 | 41.00 | 46.00 | NOTE | |
r-oldrel-windows-x86_64 | 0.1.0 | 14.00 | 98.00 | 112.00 | NOTE |
Version: 0.1.0
Check: Rd files
Result: NOTE
checkRd: (-1) geninvitro.Rd:10: Lost braces in \itemize; meant \describe ?
checkRd: (-1) geninvitro.Rd:11: Lost braces in \itemize; meant \describe ?
checkRd: (-1) geninvitro.Rd:12: Lost braces in \itemize; meant \describe ?
checkRd: (-1) geninvitro.Rd:13: Lost braces in \itemize; meant \describe ?
checkRd: (-1) geninvitro.Rd:14: Lost braces in \itemize; meant \describe ?
checkRd: (-1) geninvitro.Rd:15: Lost braces in \itemize; meant \describe ?
checkRd: (-1) geninvitro.Rd:16: Lost braces in \itemize; meant \describe ?
checkRd: (-1) geninvitro.Rd:17: Lost braces in \itemize; meant \describe ?
checkRd: (-1) geninvitro.Rd:18: Lost braces in \itemize; meant \describe ?
checkRd: (-1) geninvitro.Rd:19: Lost braces in \itemize; meant \describe ?
checkRd: (-1) geninvitro.Rd:20: Lost braces in \itemize; meant \describe ?
checkRd: (-1) geninvitro.Rd:21: Lost braces in \itemize; meant \describe ?
checkRd: (-1) geninvitro.Rd:22: Lost braces in \itemize; meant \describe ?
checkRd: (-1) geninvitro.Rd:23-24: Lost braces in \itemize; meant \describe ?
checkRd: (-1) geninvitro.Rd:25: Lost braces in \itemize; meant \describe ?
checkRd: (-1) geninvitro.Rd:26-27: Lost braces in \itemize; meant \describe ?
checkRd: (-1) geninvitro.Rd:28-29: Lost braces in \itemize; meant \describe ?
checkRd: (-1) nm400.Rd:10: Lost braces in \itemize; meant \describe ?
checkRd: (-1) nm400.Rd:11: Lost braces in \itemize; meant \describe ?
checkRd: (-1) nm400.Rd:12: Lost braces in \itemize; meant \describe ?
checkRd: (-1) nm400.Rd:13: Lost braces in \itemize; meant \describe ?
checkRd: (-1) nm400.Rd:14: Lost braces in \itemize; meant \describe ?
checkRd: (-1) nm400.Rd:15: Lost braces in \itemize; meant \describe ?
checkRd: (-1) nm400.Rd:16: Lost braces in \itemize; meant \describe ?
checkRd: (-1) nm400.Rd:17: Lost braces in \itemize; meant \describe ?
checkRd: (-1) nm400.Rd:18: Lost braces in \itemize; meant \describe ?
checkRd: (-1) nm400.Rd:19: Lost braces in \itemize; meant \describe ?
checkRd: (-1) nm400.Rd:20: Lost braces in \itemize; meant \describe ?
checkRd: (-1) nm400.Rd:21: Lost braces in \itemize; meant \describe ?
checkRd: (-1) nm400.Rd:22: Lost braces in \itemize; meant \describe ?
checkRd: (-1) nm400.Rd:23-24: Lost braces in \itemize; meant \describe ?
checkRd: (-1) nm400.Rd:25: Lost braces in \itemize; meant \describe ?
checkRd: (-1) nm400.Rd:26-27: Lost braces in \itemize; meant \describe ?
checkRd: (-1) nm400.Rd:28-29: Lost braces in \itemize; meant \describe ?
Flavors: r-devel-linux-x86_64-debian-clang, r-devel-linux-x86_64-debian-gcc, r-devel-linux-x86_64-fedora-clang, r-devel-linux-x86_64-fedora-gcc, r-devel-windows-x86_64, r-patched-linux-x86_64, r-release-linux-x86_64, r-release-macos-arm64, r-release-macos-x86_64, r-release-windows-x86_64, r-oldrel-macos-arm64, r-oldrel-macos-x86_64, r-oldrel-windows-x86_64