Last updated on 2025-11-02 02:50:51 CET.
| Flavor | Version | Tinstall | Tcheck | Ttotal | Status | Flags |
|---|---|---|---|---|---|---|
| r-devel-linux-x86_64-debian-clang | 0.1.0 | 22.45 | 38.87 | 61.32 | OK | |
| r-devel-linux-x86_64-debian-gcc | 0.1.0 | 17.83 | 30.86 | 48.69 | OK | |
| r-devel-linux-x86_64-fedora-clang | 0.1.0 | 62.00 | 39.51 | 101.51 | OK | |
| r-devel-linux-x86_64-fedora-gcc | 0.1.0 | 49.00 | 53.56 | 102.56 | OK | |
| r-devel-windows-x86_64 | 0.1.0 | 30.00 | 75.00 | 105.00 | OK | |
| r-patched-linux-x86_64 | 0.1.0 | 24.87 | 36.74 | 61.61 | OK | |
| r-release-linux-x86_64 | 0.1.0 | 26.40 | 36.54 | 62.94 | OK | |
| r-release-macos-arm64 | 0.1.0 | 21.00 | 36.00 | 57.00 | OK | |
| r-release-macos-x86_64 | 0.1.0 | 20.00 | 39.00 | 59.00 | OK | |
| r-release-windows-x86_64 | 0.1.0 | 32.00 | 74.00 | 106.00 | OK | |
| r-oldrel-macos-arm64 | 0.1.0 | 12.00 | 23.00 | 35.00 | NOTE | |
| r-oldrel-macos-x86_64 | 0.1.0 | 28.00 | 42.00 | 70.00 | NOTE | |
| r-oldrel-windows-x86_64 | 0.1.0 | 38.00 | 92.00 | 130.00 | OK |
Version: 0.1.0
Check: installed package size
Result: NOTE
installed size is 5.5Mb
sub-directories of 1Mb or more:
libs 4.8Mb
Flavors: r-oldrel-macos-arm64, r-oldrel-macos-x86_64