Last updated on 2025-10-22 01:51:32 CEST.
Flavor | Version | Tinstall | Tcheck | Ttotal | Status | Flags |
---|---|---|---|---|---|---|
r-devel-linux-x86_64-debian-clang | 1.0.3 | 35.99 | 379.98 | 415.97 | NOTE | |
r-devel-linux-x86_64-debian-gcc | 1.0.3 | 21.73 | 247.50 | 269.23 | NOTE | |
r-devel-linux-x86_64-fedora-clang | 1.0.3 | 166.00 | 523.26 | 689.26 | OK | |
r-devel-linux-x86_64-fedora-gcc | 1.0.3 | 87.00 | 551.91 | 638.91 | OK | |
r-devel-windows-x86_64 | 1.0.3 | 33.00 | 284.00 | 317.00 | OK | |
r-patched-linux-x86_64 | 1.0.3 | 34.98 | 364.34 | 399.32 | OK | |
r-release-linux-x86_64 | 1.0.3 | 32.62 | 358.50 | 391.12 | OK | |
r-release-macos-arm64 | 1.0.3 | 12.00 | 147.00 | 159.00 | OK | |
r-release-macos-x86_64 | 1.0.3 | 32.00 | 342.00 | 374.00 | OK | |
r-release-windows-x86_64 | 1.0.3 | 32.00 | 283.00 | 315.00 | OK | |
r-oldrel-macos-arm64 | 1.0.3 | 16.00 | 145.00 | 161.00 | OK | |
r-oldrel-macos-x86_64 | 1.0.3 | 19.00 | 198.00 | 217.00 | OK | |
r-oldrel-windows-x86_64 | 1.0.3 | 45.00 | 416.00 | 461.00 | OK |
Version: 1.0.3
Check: HTML version of manual
Result: NOTE
Found the following HTML validation problems:
acessor.html:69:1 (acessor.Rd:24): Warning: missing </ul> before </div>
Flavors: r-devel-linux-x86_64-debian-clang, r-devel-linux-x86_64-debian-gcc