Last updated on 2025-11-19 01:48:56 CET.
| Flavor | Version | Tinstall | Tcheck | Ttotal | Status | Flags |
|---|---|---|---|---|---|---|
| r-devel-linux-x86_64-debian-clang | 1.1.3 | 46.38 | 44.26 | 90.64 | OK | |
| r-devel-linux-x86_64-debian-gcc | 1.1.4 | 33.40 | 34.63 | 68.03 | OK | |
| r-devel-linux-x86_64-fedora-clang | 1.1.4 | 167.00 | -7.59 | 159.41 | OK | |
| r-devel-linux-x86_64-fedora-gcc | 1.1.4 | 199.00 | -27.25 | 171.75 | OK | |
| r-devel-windows-x86_64 | 1.1.3 | 63.00 | 77.00 | 140.00 | OK | |
| r-patched-linux-x86_64 | 1.1.3 | 50.93 | 39.65 | 90.58 | OK | |
| r-release-linux-x86_64 | 1.1.3 | 47.76 | 40.48 | 88.24 | OK | |
| r-release-macos-arm64 | 1.1.3 | 17.00 | 20.00 | 37.00 | OK | |
| r-release-macos-x86_64 | 1.1.4 | 70.00 | 104.00 | 174.00 | OK | |
| r-release-windows-x86_64 | 1.1.3 | 55.00 | 76.00 | 131.00 | OK | |
| r-oldrel-macos-arm64 | 1.1.3 | 15.00 | 27.00 | 42.00 | NOTE | |
| r-oldrel-macos-x86_64 | 1.1.4 | 71.00 | 77.00 | 148.00 | NOTE | |
| r-oldrel-windows-x86_64 | 1.1.3 | 67.00 | 96.00 | 163.00 | OK |
Version: 1.1.3
Check: installed package size
Result: NOTE
installed size is 6.9Mb
sub-directories of 1Mb or more:
libs 6.7Mb
Flavor: r-oldrel-macos-arm64
Version: 1.1.4
Check: installed package size
Result: NOTE
installed size is 7.6Mb
sub-directories of 1Mb or more:
libs 6.9Mb
Flavor: r-oldrel-macos-x86_64