Last updated on 2025-11-19 01:48:57 CET.
| Flavor | Version | Tinstall | Tcheck | Ttotal | Status | Flags |
|---|---|---|---|---|---|---|
| r-devel-linux-x86_64-debian-clang | 0.1.0 | 10.09 | 61.79 | 71.88 | OK | |
| r-devel-linux-x86_64-debian-gcc | 0.1.0 | 8.07 | 46.27 | 54.34 | OK | |
| r-devel-linux-x86_64-fedora-clang | 0.1.0 | 25.00 | 84.52 | 109.52 | OK | |
| r-devel-linux-x86_64-fedora-gcc | 0.1.0 | 24.00 | 95.22 | 119.22 | OK | |
| r-devel-windows-x86_64 | 0.1.0 | 18.00 | 85.00 | 103.00 | OK | |
| r-patched-linux-x86_64 | 0.1.0 | 10.56 | 57.45 | 68.01 | OK | |
| r-release-linux-x86_64 | 0.1.0 | 12.35 | 57.93 | 70.28 | OK | |
| r-release-macos-arm64 | 0.1.0 | 6.00 | 54.00 | 60.00 | OK | |
| r-release-macos-x86_64 | 0.1.0 | 14.00 | 81.00 | 95.00 | OK | |
| r-release-windows-x86_64 | 0.1.0 | 13.00 | 88.00 | 101.00 | OK | |
| r-oldrel-macos-arm64 | 0.1.0 | 6.00 | 60.00 | 66.00 | NOTE | |
| r-oldrel-macos-x86_64 | 0.1.0 | 14.00 | 80.00 | 94.00 | NOTE | |
| r-oldrel-windows-x86_64 | 0.1.0 | 17.00 | 106.00 | 123.00 | OK |
Version: 0.1.0
Check: installed package size
Result: NOTE
installed size is 6.2Mb
sub-directories of 1Mb or more:
data 5.6Mb
Flavors: r-oldrel-macos-arm64, r-oldrel-macos-x86_64