Last updated on 2025-10-21 01:48:41 CEST.
Flavor | Version | Tinstall | Tcheck | Ttotal | Status | Flags |
---|---|---|---|---|---|---|
r-devel-linux-x86_64-debian-clang | 4.4 | 1.65 | 20.53 | 22.18 | NOTE | |
r-devel-linux-x86_64-debian-gcc | 4.4 | 1.50 | 16.82 | 18.32 | NOTE | |
r-devel-linux-x86_64-fedora-clang | 4.4 | 34.20 | NOTE | |||
r-devel-linux-x86_64-fedora-gcc | 4.4 | 31.62 | NOTE | |||
r-devel-windows-x86_64 | 4.4 | 3.00 | 39.00 | 42.00 | NOTE | |
r-patched-linux-x86_64 | 4.4 | 1.88 | 19.41 | 21.29 | NOTE | |
r-release-linux-x86_64 | 4.4 | 1.76 | 19.33 | 21.09 | NOTE | |
r-release-macos-arm64 | 4.4 | 16.00 | NOTE | |||
r-release-macos-x86_64 | 4.4 | 25.00 | NOTE | |||
r-release-windows-x86_64 | 4.4 | 3.00 | 41.00 | 44.00 | NOTE | |
r-oldrel-macos-arm64 | 4.4 | 18.00 | NOTE | |||
r-oldrel-macos-x86_64 | 4.4 | 29.00 | NOTE | |||
r-oldrel-windows-x86_64 | 4.4 | 5.00 | 44.00 | 49.00 | NOTE |
Version: 4.4
Check: Rd files
Result: NOTE
checkRd: (-1) PMCMR-deprecated.Rd:36: Lost braces in \itemize; \value handles \item{}{} directly
checkRd: (-1) PMCMR-deprecated.Rd:37: Lost braces in \itemize; \value handles \item{}{} directly
checkRd: (-1) PMCMR-deprecated.Rd:38: Lost braces in \itemize; \value handles \item{}{} directly
checkRd: (-1) PMCMR-deprecated.Rd:39-40: Lost braces in \itemize; \value handles \item{}{} directly
checkRd: (-1) PMCMR-deprecated.Rd:41: Lost braces in \itemize; \value handles \item{}{} directly
Flavors: r-devel-linux-x86_64-debian-clang, r-devel-linux-x86_64-debian-gcc, r-devel-linux-x86_64-fedora-clang, r-devel-linux-x86_64-fedora-gcc, r-devel-windows-x86_64, r-patched-linux-x86_64, r-release-linux-x86_64, r-release-macos-arm64, r-release-macos-x86_64, r-release-windows-x86_64, r-oldrel-macos-arm64, r-oldrel-macos-x86_64, r-oldrel-windows-x86_64
Version: 4.4
Check: top-level files
Result: NOTE
Found the following validation problem for the NEWS.Rd HTML conversion:
NEWS.html:241:1 (inst/NEWS.Rd:134): Warning: missing </ul> before </div>
NEWS.html:122:1 (inst/NEWS.Rd:67): Warning: <h4> anchor "NEW-FEATURES" already defined
NEWS.html:155:1 (inst/NEWS.Rd:90): Warning: <h4> anchor "BUGFIXES" already defined
NEWS.html:172:1 (inst/NEWS.Rd:99): Warning: <h4> anchor "NEW-FEATURES" already defined
NEWS.html:191:1 (inst/NEWS.Rd:110): Warning: <h4> anchor "BUGFIXES" already defined
NEWS.html:207:1 (inst/NEWS.Rd:118): Warning: <h4> anchor "BUGFIXES" already defined
NEWS.html:223:1 (inst/NEWS.Rd:126): Warning: <h4> anchor "NEW-FEATURES" already defined
Flavor: r-devel-linux-x86_64-debian-gcc