Last updated on 2025-10-22 01:51:33 CEST.
Flavor | Version | Tinstall | Tcheck | Ttotal | Status | Flags |
---|---|---|---|---|---|---|
r-devel-linux-x86_64-debian-clang | 1.14.2 | 6.63 | 89.99 | 96.62 | NOTE | |
r-devel-linux-x86_64-debian-gcc | 1.14.2 | 5.18 | 60.00 | 65.18 | NOTE | |
r-devel-linux-x86_64-fedora-clang | 1.14.2 | 16.00 | 134.46 | 150.46 | OK | |
r-devel-linux-x86_64-fedora-gcc | 1.14.2 | 14.00 | 126.35 | 140.35 | OK | |
r-devel-windows-x86_64 | 1.14.2 | 10.00 | 94.00 | 104.00 | OK | |
r-patched-linux-x86_64 | 1.14.2 | 7.60 | 84.40 | 92.00 | OK | |
r-release-linux-x86_64 | 1.14.2 | 6.45 | 84.61 | 91.06 | OK | |
r-release-macos-arm64 | 1.14.2 | 6.00 | 33.00 | 39.00 | OK | |
r-release-macos-x86_64 | 1.14.2 | 10.00 | 64.00 | 74.00 | OK | |
r-release-windows-x86_64 | 1.14.2 | 11.00 | 97.00 | 108.00 | OK | |
r-oldrel-macos-arm64 | 1.14.2 | 4.00 | 37.00 | 41.00 | OK | |
r-oldrel-macos-x86_64 | 1.14.2 | 12.00 | 97.00 | 109.00 | OK | |
r-oldrel-windows-x86_64 | 1.14.2 | 14.00 | 114.00 | 128.00 | OK |
Version: 1.14.2
Check: HTML version of manual
Result: NOTE
Found the following HTML validation problems:
plotOptPath.html:110:1 (plotOptPath.Rd:58): Warning: missing </ul> before </div>
Flavors: r-devel-linux-x86_64-debian-clang, r-devel-linux-x86_64-debian-gcc