Last updated on 2025-10-22 01:51:34 CEST.
Flavor | Version | Tinstall | Tcheck | Ttotal | Status | Flags |
---|---|---|---|---|---|---|
r-devel-linux-x86_64-debian-clang | 0.1.1 | 25.45 | 205.79 | 231.24 | NOTE | |
r-devel-linux-x86_64-debian-gcc | 0.1.1 | 16.83 | 149.19 | 166.02 | NOTE | |
r-devel-linux-x86_64-fedora-clang | 0.1.1 | 152.00 | 222.55 | 374.55 | OK | |
r-devel-linux-x86_64-fedora-gcc | 0.1.1 | 50.00 | 296.10 | 346.10 | OK | |
r-devel-windows-x86_64 | 0.1.1 | 25.00 | 182.00 | 207.00 | OK | |
r-patched-linux-x86_64 | 0.1.1 | 20.59 | 193.61 | 214.20 | OK | |
r-release-linux-x86_64 | 0.1.1 | 23.65 | 193.99 | 217.64 | OK | |
r-release-macos-arm64 | 0.1.1 | 10.00 | 77.00 | 87.00 | OK | |
r-release-macos-x86_64 | 0.1.1 | 32.00 | 203.00 | 235.00 | OK | |
r-release-windows-x86_64 | 0.1.1 | 24.00 | 183.00 | 207.00 | OK | |
r-oldrel-macos-arm64 | 0.1.1 | 9.00 | 85.00 | 94.00 | OK | |
r-oldrel-macos-x86_64 | 0.1.1 | 34.00 | 205.00 | 239.00 | OK | |
r-oldrel-windows-x86_64 | 0.1.1 | 36.00 | 233.00 | 269.00 | OK |
Version: 0.1.1
Check: HTML version of manual
Result: NOTE
Found the following HTML validation problems:
power_example.html:62:1 (power_example.Rd:18): Warning: missing </ul> before </div>
result_example.html:59:1 (result_example.Rd:16): Warning: missing </ul> before </div>
Flavors: r-devel-linux-x86_64-debian-clang, r-devel-linux-x86_64-debian-gcc