Last updated on 2025-11-19 01:48:58 CET.
| Flavor | Version | Tinstall | Tcheck | Ttotal | Status | Flags |
|---|---|---|---|---|---|---|
| r-devel-linux-x86_64-debian-clang | 0.2.3 | 6.29 | 60.09 | 66.38 | NOTE | |
| r-devel-linux-x86_64-debian-gcc | 0.2.3 | 4.68 | 43.90 | 48.58 | NOTE | |
| r-devel-linux-x86_64-fedora-clang | 0.2.3 | 13.00 | 90.65 | 103.65 | OK | |
| r-devel-linux-x86_64-fedora-gcc | 0.2.3 | 13.00 | 83.82 | 96.82 | OK | |
| r-devel-windows-x86_64 | 0.2.3 | 11.00 | 71.00 | 82.00 | OK | |
| r-patched-linux-x86_64 | 0.2.3 | 6.27 | 56.81 | 63.08 | OK | |
| r-release-linux-x86_64 | 0.2.3 | 5.59 | 57.03 | 62.62 | OK | |
| r-release-macos-arm64 | 0.2.3 | 3.00 | 25.00 | 28.00 | OK | |
| r-release-macos-x86_64 | 0.2.3 | 8.00 | 47.00 | 55.00 | OK | |
| r-release-windows-x86_64 | 0.2.3 | 8.00 | 69.00 | 77.00 | OK | |
| r-oldrel-macos-arm64 | 0.2.3 | 3.00 | 25.00 | 28.00 | NOTE | |
| r-oldrel-macos-x86_64 | 0.2.3 | 4.00 | 35.00 | 39.00 | NOTE | |
| r-oldrel-windows-x86_64 | 0.2.3 | 11.00 | 84.00 | 95.00 | NOTE |
Version: 0.2.3
Check: CRAN incoming feasibility
Result: NOTE
Maintainer: ‘Jirka Lewandowski <jirka.lewandowski@wzb.eu>’
No Authors@R field in DESCRIPTION.
Please add one, modifying
Authors@R: person(given = "Jirka",
family = "Lewandowski",
role = c("aut", "cre"),
email = "jirka.lewandowski@wzb.eu")
as necessary.
Flavors: r-devel-linux-x86_64-debian-clang, r-devel-linux-x86_64-debian-gcc
Version: 0.2.3
Check: LazyData
Result: NOTE
'LazyData' is specified without a 'data' directory
Flavors: r-oldrel-macos-arm64, r-oldrel-macos-x86_64, r-oldrel-windows-x86_64