CRAN Package Check Results for Package RADstackshelpR

Last updated on 2025-10-01 02:54:27 CEST.

Flavor Version Tinstall Tcheck Ttotal Status Flags
r-devel-linux-x86_64-debian-clang 0.1.0 2.14 43.05 45.19 OK
r-devel-linux-x86_64-debian-gcc 0.1.0 1.52 33.57 35.09 OK
r-devel-linux-x86_64-fedora-clang 0.1.0 67.39 NOTE
r-devel-linux-x86_64-fedora-gcc 0.1.0 78.95 NOTE
r-devel-windows-x86_64 0.1.0 5.00 58.00 63.00 OK
r-patched-linux-x86_64 0.1.0 2.07 40.74 42.81 OK
r-release-linux-x86_64 0.1.0 2.03 40.28 42.31 OK
r-release-macos-arm64 0.1.0 28.00 OK
r-release-macos-x86_64 0.1.0 50.00 OK
r-release-windows-x86_64 0.1.0 4.00 57.00 61.00 OK
r-oldrel-macos-arm64 0.1.0 28.00 OK
r-oldrel-macos-x86_64 0.1.0 42.00 OK
r-oldrel-windows-x86_64 0.1.0 5.00 66.00 71.00 OK

Check Details

Version: 0.1.0
Check: dependencies in R code
Result: NOTE Namespace in Imports field not imported from: ‘gridExtra’ All declared Imports should be used. Flavors: r-devel-linux-x86_64-fedora-clang, r-devel-linux-x86_64-fedora-gcc