Last updated on 2025-11-20 03:50:21 CET.
| Flavor | Version | Tinstall | Tcheck | Ttotal | Status | Flags |
|---|---|---|---|---|---|---|
| r-devel-linux-x86_64-debian-clang | 1.1.0 | 9.74 | 93.49 | 103.23 | OK | |
| r-devel-linux-x86_64-debian-gcc | 1.1.0 | 6.71 | 68.90 | 75.61 | OK | |
| r-devel-linux-x86_64-fedora-clang | 1.1.0 | 26.00 | 135.78 | 161.78 | OK | |
| r-devel-linux-x86_64-fedora-gcc | 1.1.0 | 22.00 | 149.15 | 171.15 | OK | |
| r-devel-windows-x86_64 | 1.1.0 | 15.00 | 96.00 | 111.00 | OK | |
| r-patched-linux-x86_64 | 1.1.0 | 9.40 | 88.79 | 98.19 | OK | |
| r-release-linux-x86_64 | 1.1.0 | 9.69 | 87.70 | 97.39 | OK | |
| r-release-macos-arm64 | 1.1.0 | OK | ||||
| r-release-macos-x86_64 | 1.1.0 | 9.00 | 102.00 | 111.00 | OK | |
| r-release-windows-x86_64 | 1.1.0 | 12.00 | 97.00 | 109.00 | OK | |
| r-oldrel-macos-arm64 | 1.1.0 | NOTE | ||||
| r-oldrel-macos-x86_64 | 1.1.0 | 10.00 | 95.00 | 105.00 | NOTE | |
| r-oldrel-windows-x86_64 | 1.1.0 | 14.00 | 127.00 | 141.00 | NOTE |
Version: 1.1.0
Check: LazyData
Result: NOTE
'LazyData' is specified without a 'data' directory
Flavors: r-oldrel-macos-arm64, r-oldrel-macos-x86_64, r-oldrel-windows-x86_64