Last updated on 2025-10-23 02:50:09 CEST.
| Flavor | Version | Tinstall | Tcheck | Ttotal | Status | Flags |
|---|---|---|---|---|---|---|
| r-devel-linux-x86_64-debian-clang | 1.5.0 | 288.32 | 266.04 | 554.36 | OK | |
| r-devel-linux-x86_64-debian-gcc | 1.5.0 | 194.73 | 180.64 | 375.37 | OK | |
| r-devel-linux-x86_64-fedora-clang | 1.5.0 | 1380.00 | 147.18 | 1527.18 | OK | |
| r-devel-linux-x86_64-fedora-gcc | 1.5.0 | 660.00 | 288.71 | 948.71 | OK | |
| r-devel-windows-x86_64 | 1.5.0 | 435.00 | 287.00 | 722.00 | OK | |
| r-patched-linux-x86_64 | 1.5.0 | 282.94 | 258.42 | 541.36 | OK | |
| r-release-linux-x86_64 | 1.5.0 | 286.56 | 255.32 | 541.88 | OK | |
| r-release-macos-arm64 | 1.5.0 | 134.00 | 88.00 | 222.00 | OK | |
| r-release-macos-x86_64 | 1.5.0 | 138.00 | 209.00 | 347.00 | OK | |
| r-release-windows-x86_64 | 1.5.0 | 446.00 | 286.00 | 732.00 | OK | |
| r-oldrel-macos-arm64 | 1.5.0 | 123.00 | 89.00 | 212.00 | NOTE | |
| r-oldrel-macos-x86_64 | 1.5.0 | 149.00 | 216.00 | 365.00 | NOTE | |
| r-oldrel-windows-x86_64 | 1.5.0 | 509.00 | 362.00 | 871.00 | OK |
Version: 1.5.0
Check: installed package size
Result: NOTE
installed size is 28.6Mb
sub-directories of 1Mb or more:
R 2.0Mb
libs 26.1Mb
Flavors: r-oldrel-macos-arm64, r-oldrel-macos-x86_64