Last updated on 2025-10-22 01:51:36 CEST.
Flavor | Version | Tinstall | Tcheck | Ttotal | Status | Flags |
---|---|---|---|---|---|---|
r-devel-linux-x86_64-debian-clang | 5.1.11-1 | 42.78 | 52.07 | 94.85 | NOTE | |
r-devel-linux-x86_64-debian-gcc | 5.1.11-1 | 27.73 | 37.72 | 65.45 | NOTE | |
r-devel-linux-x86_64-fedora-clang | 5.1.11-1 | 245.00 | -18.20 | 226.80 | OK | |
r-devel-linux-x86_64-fedora-gcc | 5.1.11-1 | 91.00 | 68.95 | 159.95 | OK | |
r-devel-windows-x86_64 | 5.1.11-1 | 157.00 | 96.00 | 253.00 | OK | |
r-patched-linux-x86_64 | 5.1.11-1 | 36.21 | 50.60 | 86.81 | OK | |
r-release-linux-x86_64 | 5.1.11-1 | 33.00 | 50.79 | 83.79 | OK | |
r-release-macos-arm64 | 5.1.11-1 | 21.00 | 99.00 | 120.00 | OK | |
r-release-macos-x86_64 | 5.1.11-1 | 31.00 | 105.00 | 136.00 | OK | |
r-release-windows-x86_64 | 5.1.11-1 | 167.00 | 102.00 | 269.00 | OK | |
r-oldrel-macos-arm64 | 5.1.11-1 | 30.00 | 115.00 | 145.00 | NOTE | |
r-oldrel-macos-x86_64 | 5.1.11-1 | 33.00 | 94.00 | 127.00 | NOTE | |
r-oldrel-windows-x86_64 | 5.1.11-1 | 168.00 | 118.00 | 286.00 | NOTE |
Version: 5.1.11-1
Check: HTML version of manual
Result: NOTE
Found the following HTML validation problems:
tbbLibraryPath.html:50:1 (tbbLibraryPath.Rd:12): Warning: missing </ul> before </div>
Flavors: r-devel-linux-x86_64-debian-clang, r-devel-linux-x86_64-debian-gcc
Version: 5.1.11-1
Check: for GNU extensions in Makefiles
Result: NOTE
GNU make is a SystemRequirements.
Flavors: r-oldrel-macos-arm64, r-oldrel-macos-x86_64, r-oldrel-windows-x86_64