Last updated on 2025-10-22 01:51:36 CEST.
Flavor | Version | Tinstall | Tcheck | Ttotal | Status | Flags |
---|---|---|---|---|---|---|
r-devel-linux-x86_64-debian-clang | 0.6.15 | 3.47 | 32.73 | 36.20 | NOTE | |
r-devel-linux-x86_64-debian-gcc | 0.6.15 | 2.84 | 24.69 | 27.53 | NOTE | |
r-devel-linux-x86_64-fedora-clang | 0.6.15 | 30.00 | 35.66 | 65.66 | OK | |
r-devel-linux-x86_64-fedora-gcc | 0.6.15 | 52.61 | OK | |||
r-devel-windows-x86_64 | 0.6.15 | 5.00 | 52.00 | 57.00 | OK | |
r-patched-linux-x86_64 | 0.6.15 | 4.31 | 31.17 | 35.48 | OK | |
r-release-linux-x86_64 | 0.6.15 | 3.95 | 31.22 | 35.17 | OK | |
r-release-macos-arm64 | 0.6.15 | 2.00 | 21.00 | 23.00 | OK | |
r-release-macos-x86_64 | 0.6.15 | 3.00 | 29.00 | 32.00 | OK | |
r-release-windows-x86_64 | 0.6.15 | 6.00 | 54.00 | 60.00 | OK | |
r-oldrel-macos-arm64 | 0.6.15 | 2.00 | 21.00 | 23.00 | OK | |
r-oldrel-macos-x86_64 | 0.6.15 | 4.00 | 27.00 | 31.00 | OK | |
r-oldrel-windows-x86_64 | 0.6.15 | 7.00 | 65.00 | 72.00 | OK |
Version: 0.6.15
Check: CRAN incoming feasibility
Result: NOTE
Maintainer: ‘Pablo Barbera <pbarbera@usc.edu>’
No Authors@R field in DESCRIPTION.
Please add one, modifying
Authors@R: c(person(given = "Pablo",
family = "Barbera",
role = c("aut", "cre"),
email = "pbarbera@usc.edu"),
person(given = "Michael",
family = "Piccirilli",
role = "aut",
email = "mrp2181@columbia.edu"),
person(given = "Andrew",
family = "Geisler",
role = "aut"),
person(given = "Wouter",
family = "van Atteveldt",
role = "aut"))
as necessary.
Flavors: r-devel-linux-x86_64-debian-clang, r-devel-linux-x86_64-debian-gcc
Version: 0.6.15
Check: HTML version of manual
Result: NOTE
Found the following HTML validation problems:
callAPI.html:57:1 (callAPI.Rd:17): Warning: missing </ul> before </div>
Flavors: r-devel-linux-x86_64-debian-clang, r-devel-linux-x86_64-debian-gcc