Last updated on 2025-10-22 01:51:36 CEST.
Flavor | Version | Tinstall | Tcheck | Ttotal | Status | Flags |
---|---|---|---|---|---|---|
r-devel-linux-x86_64-debian-clang | 0.3.0 | 6.31 | 62.59 | 68.90 | NOTE | |
r-devel-linux-x86_64-debian-gcc | 0.3.0 | 4.88 | 44.90 | 49.78 | NOTE | |
r-devel-linux-x86_64-fedora-clang | 0.3.0 | 57.00 | 63.42 | 120.42 | OK | |
r-devel-linux-x86_64-fedora-gcc | 0.3.0 | 14.00 | 98.29 | 112.29 | OK | |
r-devel-windows-x86_64 | 0.3.0 | 8.00 | 76.00 | 84.00 | OK | |
r-patched-linux-x86_64 | 0.3.0 | 6.67 | 56.10 | 62.77 | OK | |
r-release-linux-x86_64 | 0.3.0 | 6.11 | 56.15 | 62.26 | OK | |
r-release-macos-arm64 | 0.3.0 | 3.00 | 34.00 | 37.00 | OK | |
r-release-macos-x86_64 | 0.3.0 | 5.00 | 64.00 | 69.00 | OK | |
r-release-windows-x86_64 | 0.3.0 | 8.00 | 79.00 | 87.00 | OK | |
r-oldrel-macos-arm64 | 0.3.0 | 3.00 | 41.00 | 44.00 | OK | |
r-oldrel-macos-x86_64 | 0.3.0 | 5.00 | 68.00 | 73.00 | OK | |
r-oldrel-windows-x86_64 | 0.3.0 | 12.00 | 96.00 | 108.00 | OK |
Version: 0.3.0
Check: HTML version of manual
Result: NOTE
Found the following HTML validation problems:
req_figma_template.html:70:1 (req_figma_template.Rd:28): Warning: missing </ul> before </div>
request_figma.html:57:1 (request_figma.Rd:16): Warning: missing </ul> before </div>
Flavors: r-devel-linux-x86_64-debian-clang, r-devel-linux-x86_64-debian-gcc