Last updated on 2025-10-06 01:49:56 CEST.
Flavor | Version | Tinstall | Tcheck | Ttotal | Status | Flags |
---|---|---|---|---|---|---|
r-devel-linux-x86_64-debian-clang | 0.3.3 | 213.08 | 68.58 | 281.66 | OK | |
r-devel-linux-x86_64-debian-gcc | 0.3.3 | 152.31 | 50.54 | 202.85 | OK | |
r-devel-linux-x86_64-fedora-clang | 0.3.3 | 568.57 | OK | |||
r-devel-linux-x86_64-fedora-gcc | 0.3.3 | 577.54 | OK | |||
r-devel-windows-x86_64 | 0.3.3 | 242.00 | 105.00 | 347.00 | OK | |
r-patched-linux-x86_64 | 0.3.3 | 230.74 | 64.98 | 295.72 | OK | |
r-release-linux-x86_64 | 0.3.3 | 222.32 | 65.38 | 287.70 | OK | |
r-release-macos-arm64 | 0.3.3 | 123.00 | OK | |||
r-release-macos-x86_64 | 0.3.3 | 139.00 | OK | |||
r-release-windows-x86_64 | 0.3.3 | 236.00 | 113.00 | 349.00 | OK | |
r-oldrel-macos-arm64 | 0.3.3 | 169.00 | NOTE | |||
r-oldrel-macos-x86_64 | 0.3.3 | 144.00 | NOTE | |||
r-oldrel-windows-x86_64 | 0.3.3 | 280.00 | 136.00 | 416.00 | OK |
Version: 0.3.3
Check: installed package size
Result: NOTE
installed size is 13.0Mb
sub-directories of 1Mb or more:
libs 12.8Mb
Flavors: r-oldrel-macos-arm64, r-oldrel-macos-x86_64