Last updated on 2025-10-28 02:50:58 CET.
| Flavor | Version | Tinstall | Tcheck | Ttotal | Status | Flags | 
|---|---|---|---|---|---|---|
| r-devel-linux-x86_64-debian-clang | 0.1.3 | 1.51 | 17.89 | 19.40 | NOTE | |
| r-devel-linux-x86_64-debian-gcc | 0.1.3 | 1.29 | 15.98 | 17.27 | NOTE | |
| r-devel-linux-x86_64-fedora-clang | 0.1.3 | 28.52 | NOTE | |||
| r-devel-linux-x86_64-fedora-gcc | 0.1.3 | 28.06 | NOTE | |||
| r-devel-windows-x86_64 | 0.1.3 | 3.00 | 36.00 | 39.00 | OK | |
| r-patched-linux-x86_64 | 0.1.3 | 1.62 | 16.92 | 18.54 | OK | |
| r-release-linux-x86_64 | 0.1.3 | 1.66 | 17.07 | 18.73 | OK | |
| r-release-macos-arm64 | 0.1.3 | 1.00 | 12.00 | 13.00 | OK | |
| r-release-macos-x86_64 | 0.1.3 | 1.00 | 21.00 | 22.00 | OK | |
| r-release-windows-x86_64 | 0.1.3 | 4.00 | 40.00 | 44.00 | OK | |
| r-oldrel-macos-arm64 | 0.1.3 | 1.00 | 12.00 | 13.00 | NOTE | |
| r-oldrel-macos-x86_64 | 0.1.3 | 1.00 | 19.00 | 20.00 | NOTE | |
| r-oldrel-windows-x86_64 | 0.1.3 | 4.00 | 40.00 | 44.00 | NOTE | 
Version: 0.1.3
Check: CRAN incoming feasibility
Result: NOTE
  Maintainer: ‘Sai Chimata <schimata@yotabitesllc.com>’
  
  No Authors@R field in DESCRIPTION.
  Please add one, modifying
    Authors@R: person(given = "Sai",
                      family = "Chimata",
                      role = c("aut", "cre"),
                      email = "schimata@yotabitesllc.com")
  as necessary.
Flavors: r-devel-linux-x86_64-debian-clang, r-devel-linux-x86_64-debian-gcc
Version: 0.1.3
Check: dependencies in R code
Result: NOTE
  Namespace in Imports field not imported from: ‘dplyr’
    All declared Imports should be used.
Flavors: r-devel-linux-x86_64-fedora-clang, r-devel-linux-x86_64-fedora-gcc
Version: 0.1.3
Check: LazyData
Result: NOTE
    'LazyData' is specified without a 'data' directory
Flavors: r-oldrel-macos-arm64, r-oldrel-macos-x86_64, r-oldrel-windows-x86_64