Last updated on 2025-11-02 02:50:55 CET.
| Flavor | Version | Tinstall | Tcheck | Ttotal | Status | Flags |
|---|---|---|---|---|---|---|
| r-devel-linux-x86_64-debian-clang | 1.0.1 | 2.88 | 38.35 | 41.23 | NOTE | |
| r-devel-linux-x86_64-debian-gcc | 1.0.1 | 2.33 | 29.48 | 31.81 | NOTE | |
| r-devel-linux-x86_64-fedora-clang | 1.0.1 | 64.55 | NOTE | |||
| r-devel-linux-x86_64-fedora-gcc | 1.0.1 | 76.76 | NOTE | |||
| r-devel-windows-x86_64 | 1.0.1 | 6.00 | 54.00 | 60.00 | NOTE | |
| r-patched-linux-x86_64 | 1.0.1 | 3.06 | 36.38 | 39.44 | NOTE | |
| r-release-linux-x86_64 | 1.0.1 | 3.02 | 36.60 | 39.62 | NOTE | |
| r-release-macos-arm64 | 1.0.1 | 2.00 | 25.00 | 27.00 | NOTE | |
| r-release-macos-x86_64 | 1.0.1 | 3.00 | 47.00 | 50.00 | NOTE | |
| r-release-windows-x86_64 | 1.0.1 | 5.00 | 53.00 | 58.00 | NOTE | |
| r-oldrel-macos-arm64 | 1.0.1 | 2.00 | 25.00 | 27.00 | NOTE | |
| r-oldrel-macos-x86_64 | 1.0.1 | 2.00 | 36.00 | 38.00 | NOTE | |
| r-oldrel-windows-x86_64 | 1.0.1 | 6.00 | 65.00 | 71.00 | NOTE |
Version: 1.0.1
Check: Rd files
Result: NOTE
checkRd: (-1) sdc_extabs.Rd:59: Lost braces
59 | (including ]code{forcelist} variables) that can be used to form tables.}
| ^
Flavors: r-devel-linux-x86_64-debian-clang, r-devel-linux-x86_64-debian-gcc, r-devel-linux-x86_64-fedora-clang, r-devel-linux-x86_64-fedora-gcc, r-devel-windows-x86_64, r-patched-linux-x86_64, r-release-linux-x86_64, r-release-macos-arm64, r-release-macos-x86_64, r-release-windows-x86_64, r-oldrel-macos-arm64, r-oldrel-macos-x86_64, r-oldrel-windows-x86_64