Last updated on 2025-10-21 01:48:46 CEST.
Flavor | Version | Tinstall | Tcheck | Ttotal | Status | Flags |
---|---|---|---|---|---|---|
r-devel-linux-x86_64-debian-clang | 1.0.2 | 4.27 | 78.17 | 82.44 | OK | |
r-devel-linux-x86_64-debian-gcc | 1.0.2 | 2.50 | 57.96 | 60.46 | NOTE | |
r-devel-linux-x86_64-fedora-clang | 1.0.2 | 140.33 | OK | |||
r-devel-linux-x86_64-fedora-gcc | 1.0.2 | 143.04 | OK | |||
r-devel-windows-x86_64 | 1.0.2 | 6.00 | 91.00 | 97.00 | OK | |
r-patched-linux-x86_64 | 1.0.2 | 3.81 | 75.60 | 79.41 | OK | |
r-release-linux-x86_64 | 1.0.2 | 4.07 | 74.66 | 78.73 | OK | |
r-release-macos-arm64 | 1.0.2 | 45.00 | OK | |||
r-release-macos-x86_64 | 1.0.2 | 78.00 | OK | |||
r-release-windows-x86_64 | 1.0.2 | 6.00 | 93.00 | 99.00 | OK | |
r-oldrel-macos-arm64 | 1.0.2 | 42.00 | OK | |||
r-oldrel-macos-x86_64 | 1.0.2 | 63.00 | OK | |||
r-oldrel-windows-x86_64 | 1.0.2 | 9.00 | 115.00 | 124.00 | OK |
Version: 1.0.2
Check: HTML version of manual
Result: NOTE
Found the following HTML validation problems:
capacity_output_graph_boxplots.html:101:1 (capacity_output_graph_boxplots.Rd:54): Warning: missing </ul> before </div>
Flavor: r-devel-linux-x86_64-debian-gcc