CRAN Package Check Results for Package SPARSEMODr

Last updated on 2025-10-22 01:51:39 CEST.

Flavor Version Tinstall Tcheck Ttotal Status Flags
r-devel-linux-x86_64-debian-clang 1.2.0 17.09 441.16 458.25 NOTE
r-devel-linux-x86_64-debian-gcc 1.2.0 12.07 384.32 396.39 NOTE
r-devel-linux-x86_64-fedora-clang 1.2.0 58.00 722.24 780.24 NOTE
r-devel-linux-x86_64-fedora-gcc 1.2.0 40.00 832.68 872.68 NOTE
r-devel-windows-x86_64 1.2.0 25.00 653.00 678.00 NOTE
r-patched-linux-x86_64 1.2.0 18.40 485.13 503.53 NOTE
r-release-linux-x86_64 1.2.0 18.63 484.24 502.87 NOTE
r-release-macos-arm64 1.2.0 7.00 297.00 304.00 OK
r-release-macos-x86_64 1.2.0 14.00 613.00 627.00 OK
r-release-windows-x86_64 1.2.0 26.00 675.00 701.00 NOTE
r-oldrel-macos-arm64 1.2.0 7.00 277.00 284.00 OK
r-oldrel-macos-x86_64 1.2.0 10.00 416.00 426.00 OK
r-oldrel-windows-x86_64 1.2.0 29.00 765.00 794.00 OK

Check Details

Version: 1.2.0
Check: CRAN incoming feasibility
Result: NOTE Maintainer: ‘Joseph Mihaljevic <Joseph.Mihaljevic@nau.edu>’ Package CITATION file contains call(s) to old-style citEntry(). Please use bibentry() instead. Flavors: r-devel-linux-x86_64-debian-clang, r-devel-linux-x86_64-debian-gcc

Version: 1.2.0
Check: Rd cross-references
Result: NOTE Found the following Rd file(s) with Rd \link{} targets missing package anchors: model_parallel.Rd: future_lapply Please provide package anchors for all Rd \link{} targets not in the package itself and the base packages. Flavors: r-devel-linux-x86_64-debian-clang, r-devel-linux-x86_64-debian-gcc, r-devel-windows-x86_64, r-patched-linux-x86_64, r-release-linux-x86_64, r-release-windows-x86_64

Version: 1.2.0
Check: dependencies in R code
Result: NOTE Namespaces in Imports field not imported from: ‘future’ ‘geosphere’ ‘lubridate’ ‘tidyverse’ ‘viridis’ All declared Imports should be used. Flavors: r-devel-linux-x86_64-fedora-clang, r-devel-linux-x86_64-fedora-gcc