Last updated on 2025-11-20 03:50:24 CET.
| Flavor | Version | Tinstall | Tcheck | Ttotal | Status | Flags |
|---|---|---|---|---|---|---|
| r-devel-linux-x86_64-debian-clang | 0.3.1 | 52.04 | 63.08 | 115.12 | OK | |
| r-devel-linux-x86_64-debian-gcc | 0.3.1 | 48.37 | 47.27 | 95.64 | OK | |
| r-devel-linux-x86_64-fedora-clang | 0.3.1 | 128.00 | 56.86 | 184.86 | NOTE | |
| r-devel-linux-x86_64-fedora-gcc | 0.3.1 | 112.00 | 69.18 | 181.18 | NOTE | |
| r-devel-windows-x86_64 | 0.3.1 | 52.00 | 71.00 | 123.00 | OK | |
| r-patched-linux-x86_64 | 0.3.1 | 57.20 | 59.39 | 116.59 | OK | |
| r-release-linux-x86_64 | 0.3.1 | 54.82 | 58.89 | 113.71 | OK | |
| r-release-macos-arm64 | 0.3.1 | OK | ||||
| r-release-macos-x86_64 | 0.3.1 | 68.00 | 92.00 | 160.00 | OK | |
| r-release-windows-x86_64 | 0.3.1 | 53.00 | 69.00 | 122.00 | OK | |
| r-oldrel-macos-arm64 | 0.3.1 | OK | ||||
| r-oldrel-macos-x86_64 | 0.3.1 | 60.00 | 42.00 | 102.00 | OK | |
| r-oldrel-windows-x86_64 | 0.3.1 | 70.00 | 87.00 | 157.00 | OK |
Version: 0.3.1
Check: dependencies in R code
Result: NOTE
Namespace in Imports field not imported from: ‘vegan’
All declared Imports should be used.
Flavors: r-devel-linux-x86_64-fedora-clang, r-devel-linux-x86_64-fedora-gcc