Last updated on 2025-11-20 03:50:25 CET.
| Flavor | Version | Tinstall | Tcheck | Ttotal | Status | Flags |
|---|---|---|---|---|---|---|
| r-devel-linux-x86_64-debian-clang | 0.16.4.8 | 3.84 | 36.92 | 40.76 | NOTE | |
| r-devel-linux-x86_64-debian-gcc | 0.16.4.8 | 3.07 | 28.73 | 31.80 | NOTE | |
| r-devel-linux-x86_64-fedora-clang | 0.16.4.8 | 59.23 | OK | |||
| r-devel-linux-x86_64-fedora-gcc | 0.16.4.8 | 56.26 | OK | |||
| r-devel-windows-x86_64 | 0.16.4.8 | 9.00 | 51.00 | 60.00 | OK | |
| r-patched-linux-x86_64 | 0.16.4.8 | 4.07 | 33.92 | 37.99 | OK | |
| r-release-linux-x86_64 | 0.16.4.8 | 3.96 | 33.84 | 37.80 | OK | |
| r-release-macos-arm64 | 0.16.4.8 | OK | ||||
| r-release-macos-x86_64 | 0.16.4.8 | 3.00 | 34.00 | 37.00 | OK | |
| r-release-windows-x86_64 | 0.16.4.8 | 6.00 | 50.00 | 56.00 | OK | |
| r-oldrel-macos-arm64 | 0.16.4.8 | OK | ||||
| r-oldrel-macos-x86_64 | 0.16.4.8 | 3.00 | 29.00 | 32.00 | OK | |
| r-oldrel-windows-x86_64 | 0.16.4.8 | 7.00 | 61.00 | 68.00 | OK |
Version: 0.16.4.8
Check: CRAN incoming feasibility
Result: NOTE
Maintainer: ‘Jose D. Loera <jose.loera@inegi.org.mx>’
No Authors@R field in DESCRIPTION.
Please add one, modifying
Authors@R: person(given = c("Jose", "D."),
family = "Loera",
role = c("aut", "cre"),
email = "jose.loera@inegi.org.mx")
as necessary.
Flavors: r-devel-linux-x86_64-debian-clang, r-devel-linux-x86_64-debian-gcc