Last updated on 2025-11-19 01:49:03 CET.
| Flavor | Version | Tinstall | Tcheck | Ttotal | Status | Flags |
|---|---|---|---|---|---|---|
| r-devel-linux-x86_64-debian-clang | 0.4-0 | 37.82 | 72.12 | 109.94 | OK | |
| r-devel-linux-x86_64-debian-gcc | 0.4-0 | 24.00 | 54.65 | 78.65 | OK | |
| r-devel-linux-x86_64-fedora-clang | 0.4-0 | 63.00 | 122.53 | 185.53 | OK | |
| r-devel-linux-x86_64-fedora-gcc | 0.4-0 | 70.00 | 104.67 | 174.67 | OK | |
| r-devel-windows-x86_64 | 0.4-0 | 46.00 | 98.00 | 144.00 | OK | |
| r-patched-linux-x86_64 | 0.4-0 | 40.19 | 68.54 | 108.73 | OK | |
| r-release-linux-x86_64 | 0.4-0 | 38.13 | 69.22 | 107.35 | OK | |
| r-release-macos-arm64 | 0.4-0 | 17.00 | 38.00 | 55.00 | OK | |
| r-release-macos-x86_64 | 0.4-0 | 20.00 | 60.00 | 80.00 | OK | |
| r-release-windows-x86_64 | 0.4-0 | 44.00 | 98.00 | 142.00 | OK | |
| r-oldrel-macos-arm64 | 0.4-0 | 15.00 | 36.00 | 51.00 | NOTE | |
| r-oldrel-macos-x86_64 | 0.4-0 | 33.00 | 63.00 | 96.00 | NOTE | |
| r-oldrel-windows-x86_64 | 0.4-0 | 54.00 | 125.00 | 179.00 | OK |
Version: 0.4-0
Check: installed package size
Result: NOTE
installed size is 5.1Mb
sub-directories of 1Mb or more:
data 2.4Mb
libs 2.6Mb
Flavors: r-oldrel-macos-arm64, r-oldrel-macos-x86_64