Last updated on 2025-10-22 01:51:39 CEST.
Flavor | Version | Tinstall | Tcheck | Ttotal | Status | Flags |
---|---|---|---|---|---|---|
r-devel-linux-x86_64-debian-clang | 1.0.1 | 135.04 | 78.37 | 213.41 | OK | |
r-devel-linux-x86_64-debian-gcc | 1.0.1 | 130.36 | 58.35 | 188.71 | OK | |
r-devel-linux-x86_64-fedora-clang | 1.0.1 | 295.00 | 32.86 | 327.86 | OK | |
r-devel-linux-x86_64-fedora-gcc | 1.0.1 | 450.00 | 50.54 | 500.54 | OK | |
r-devel-windows-x86_64 | 1.0.1 | 147.00 | 122.00 | 269.00 | OK | |
r-patched-linux-x86_64 | 1.0.1 | 179.10 | 76.22 | 255.32 | OK | |
r-release-linux-x86_64 | 1.0.1 | 184.54 | 76.83 | 261.37 | OK | |
r-release-macos-arm64 | 1.0.1 | 73.00 | 53.00 | 126.00 | OK | |
r-release-macos-x86_64 | 1.0.1 | 151.00 | 97.00 | 248.00 | OK | |
r-release-windows-x86_64 | 1.0.1 | 153.00 | 123.00 | 276.00 | OK | |
r-oldrel-macos-arm64 | 1.0.1 | 63.00 | 56.00 | 119.00 | NOTE | |
r-oldrel-macos-x86_64 | 1.0.1 | 203.00 | 114.00 | 317.00 | NOTE | |
r-oldrel-windows-x86_64 | 1.0.1 | 185.00 | 151.00 | 336.00 | NOTE |
Version: 1.0.1
Check: package dependencies
Result: NOTE
Package suggested but not available for checking: ‘INLA’
Flavors: r-oldrel-macos-arm64, r-oldrel-macos-x86_64
Version: 1.0.1
Check: installed package size
Result: NOTE
installed size is 95.1Mb
sub-directories of 1Mb or more:
libs 94.2Mb
Flavors: r-oldrel-macos-arm64, r-oldrel-macos-x86_64, r-oldrel-windows-x86_64