Last updated on 2025-11-19 01:49:05 CET.
| Flavor | Version | Tinstall | Tcheck | Ttotal | Status | Flags |
|---|---|---|---|---|---|---|
| r-devel-linux-x86_64-debian-clang | 1.1-4 | 4.84 | 195.83 | 200.67 | OK | |
| r-devel-linux-x86_64-debian-gcc | 1.1-5 | 2.85 | 148.81 | 151.66 | OK | |
| r-devel-linux-x86_64-fedora-clang | 1.1-5 | 13.00 | 314.01 | 327.01 | OK | |
| r-devel-linux-x86_64-fedora-gcc | 1.1-5 | 342.33 | OK | |||
| r-devel-windows-x86_64 | 1.1-4 | 7.00 | 484.00 | 491.00 | OK | |
| r-patched-linux-x86_64 | 1.1-4 | 4.93 | 186.82 | 191.75 | OK | |
| r-release-linux-x86_64 | 1.1-4 | 4.55 | 186.89 | 191.44 | OK | |
| r-release-macos-arm64 | 1.1-4 | 2.00 | 62.00 | 64.00 | OK | |
| r-release-macos-x86_64 | 1.1-5 | 6.00 | 238.00 | 244.00 | OK | |
| r-release-windows-x86_64 | 1.1-4 | 7.00 | 482.00 | 489.00 | OK | |
| r-oldrel-macos-arm64 | 1.1-4 | 3.00 | 63.00 | 66.00 | NOTE | |
| r-oldrel-macos-x86_64 | 1.1-5 | 5.00 | 281.00 | 286.00 | NOTE | |
| r-oldrel-windows-x86_64 | 1.1-4 | 10.00 | 582.00 | 592.00 | NOTE |
Version: 1.1-4
Check: installed package size
Result: NOTE
installed size is 8.8Mb
sub-directories of 1Mb or more:
data 1.1Mb
rda 7.0Mb
Flavors: r-oldrel-macos-arm64, r-oldrel-windows-x86_64
Version: 1.1-5
Check: installed package size
Result: NOTE
installed size is 8.9Mb
sub-directories of 1Mb or more:
data 1.1Mb
rda 7.1Mb
Flavor: r-oldrel-macos-x86_64