Last updated on 2025-11-20 02:49:28 CET.
| Flavor | Version | Tinstall | Tcheck | Ttotal | Status | Flags |
|---|---|---|---|---|---|---|
| r-devel-linux-x86_64-debian-clang | 0.9.2 | 8.19 | 75.46 | 83.65 | NOTE | |
| r-devel-linux-x86_64-debian-gcc | 0.9.2 | 5.15 | 53.83 | 58.98 | NOTE | |
| r-devel-linux-x86_64-fedora-clang | 0.9.2 | 18.00 | 110.59 | 128.59 | NOTE | |
| r-devel-linux-x86_64-fedora-gcc | 0.9.2 | 17.00 | 121.55 | 138.55 | NOTE | |
| r-devel-windows-x86_64 | 0.9.2 | 13.00 | 177.00 | 190.00 | NOTE | |
| r-patched-linux-x86_64 | 0.9.2 | 8.78 | 68.91 | 77.69 | NOTE | |
| r-release-linux-x86_64 | 0.9.2 | 8.25 | 69.75 | 78.00 | NOTE | |
| r-release-macos-arm64 | 0.9.2 | NOTE | ||||
| r-release-macos-x86_64 | 0.9.2 | 7.00 | 69.00 | 76.00 | NOTE | |
| r-release-windows-x86_64 | 0.9.2 | 11.00 | 136.00 | 147.00 | NOTE | |
| r-oldrel-macos-arm64 | 0.9.2 | NOTE | ||||
| r-oldrel-macos-x86_64 | 0.9.2 | 5.00 | 52.00 | 57.00 | NOTE | |
| r-oldrel-windows-x86_64 | 0.9.2 | 14.00 | 101.00 | 115.00 | NOTE |
Version: 0.9.2
Check: Rd files
Result: NOTE
checkRd: (-1) MC_CRUDE.Rd:19: Lost braces; missing escapes or markup?
19 | \item{lsf}{objective function with limit state function in form of function(x) {x[1]+x[2]...}}
| ^
checkRd: (-1) MC_IS.Rd:23: Lost braces; missing escapes or markup?
23 | \item{lsf}{objective function with limit state function in form of function(x) {x[1]+x[2]...}}
| ^
checkRd: (-1) PROB_BASEVAR-class.Rd:14: Lost braces
14 | \item{\code{Id}}{Place in vector of objective functional expression function(x){x[id]}}
| ^
checkRd: (-1) PROB_DETVAR-class.Rd:14: Lost braces
14 | \item{\code{Id}}{Place in vector of objective functional expression function(x){x[id]}}
| ^
checkRd: (-1) SORM.Rd:10: Lost braces; missing escapes or markup?
10 | \item{lsf}{objective function with limit state function in form of function(x) {x[1]+x[2]...}}
| ^
checkRd: (-1) SYS_LSF-class.Rd:16: Lost braces
16 | \item{\code{func}}{prepared for objective functions like SYS_LSF$func <- function(x){return(x[1] + x[2])}}
| ^
Flavors: r-devel-linux-x86_64-debian-clang, r-devel-linux-x86_64-debian-gcc, r-devel-linux-x86_64-fedora-clang, r-devel-linux-x86_64-fedora-gcc, r-devel-windows-x86_64, r-patched-linux-x86_64, r-release-linux-x86_64, r-release-macos-arm64, r-release-macos-x86_64, r-release-windows-x86_64, r-oldrel-macos-arm64, r-oldrel-macos-x86_64, r-oldrel-windows-x86_64