Last updated on 2025-10-22 01:51:44 CEST.
Flavor | Version | Tinstall | Tcheck | Ttotal | Status | Flags |
---|---|---|---|---|---|---|
r-devel-linux-x86_64-debian-clang | 2.0.3 | 9.30 | 108.77 | 118.07 | NOTE | |
r-devel-linux-x86_64-debian-gcc | 2.0.3 | 7.40 | 76.59 | 83.99 | NOTE | |
r-devel-linux-x86_64-fedora-clang | 2.0.3 | 21.00 | 154.83 | 175.83 | OK | |
r-devel-linux-x86_64-fedora-gcc | 2.0.3 | 19.00 | 172.79 | 191.79 | OK | |
r-devel-windows-x86_64 | 2.0.3 | 13.00 | 108.00 | 121.00 | OK | |
r-patched-linux-x86_64 | 2.0.3 | 10.00 | 101.95 | 111.95 | OK | |
r-release-linux-x86_64 | 2.0.3 | 9.98 | 102.33 | 112.31 | OK | |
r-release-macos-arm64 | 2.0.3 | 4.00 | 46.00 | 50.00 | OK | |
r-release-macos-x86_64 | 2.0.3 | 8.00 | 83.00 | 91.00 | OK | |
r-release-windows-x86_64 | 2.0.3 | 13.00 | 108.00 | 121.00 | OK | |
r-oldrel-macos-arm64 | 2.0.3 | 4.00 | 45.00 | 49.00 | OK | |
r-oldrel-macos-x86_64 | 2.0.3 | 8.00 | 81.00 | 89.00 | OK | |
r-oldrel-windows-x86_64 | 2.0.3 | 17.00 | 138.00 | 155.00 | OK |
Version: 2.0.3
Check: HTML version of manual
Result: NOTE
Found the following HTML validation problems:
convert_ts_forecast_to_df.html:46:1 (convert_ts_forecast_to_df.Rd:10): Warning: missing </ul> before </div>
new_visitation_forecast_ensemble.html:50:1 (new_visitation_forecast_ensemble.Rd:12): Warning: missing </ul> before </div>
Flavors: r-devel-linux-x86_64-debian-clang, r-devel-linux-x86_64-debian-gcc