Last updated on 2025-11-02 02:51:00 CET.
| Flavor | Version | Tinstall | Tcheck | Ttotal | Status | Flags |
|---|---|---|---|---|---|---|
| r-devel-linux-x86_64-debian-clang | 0.1.0 | 31.50 | 240.78 | 272.28 | OK | |
| r-devel-linux-x86_64-debian-gcc | 0.1.0 | 18.21 | 158.34 | 176.55 | OK | |
| r-devel-linux-x86_64-fedora-clang | 0.1.0 | 76.00 | 347.45 | 423.45 | OK | |
| r-devel-linux-x86_64-fedora-gcc | 0.1.0 | 63.00 | 349.86 | 412.86 | OK | |
| r-devel-windows-x86_64 | 0.1.0 | 26.00 | 183.00 | 209.00 | OK | |
| r-patched-linux-x86_64 | 0.1.0 | 26.41 | 230.27 | 256.68 | OK | |
| r-release-linux-x86_64 | 0.1.0 | 25.07 | 228.86 | 253.93 | OK | |
| r-release-macos-arm64 | 0.1.0 | 12.00 | 84.00 | 96.00 | OK | |
| r-release-macos-x86_64 | 0.1.0 | 27.00 | 179.00 | 206.00 | OK | |
| r-release-windows-x86_64 | 0.1.0 | 26.00 | 181.00 | 207.00 | OK | |
| r-oldrel-macos-arm64 | 0.1.0 | 10.00 | 71.00 | 81.00 | NOTE | |
| r-oldrel-macos-x86_64 | 0.1.0 | 17.00 | 120.00 | 137.00 | NOTE | |
| r-oldrel-windows-x86_64 | 0.1.0 | 37.00 | 261.00 | 298.00 | NOTE |
Version: 0.1.0
Check: LazyData
Result: NOTE
'LazyData' is specified without a 'data' directory
Flavors: r-oldrel-macos-arm64, r-oldrel-macos-x86_64, r-oldrel-windows-x86_64