Last updated on 2025-10-23 02:50:17 CEST.
Flavor | Version | Tinstall | Tcheck | Ttotal | Status | Flags |
---|---|---|---|---|---|---|
r-devel-linux-x86_64-debian-clang | 0.2.3 | 148.81 | 343.53 | 492.34 | OK | |
r-devel-linux-x86_64-debian-gcc | 0.2.3 | 115.22 | 219.85 | 335.07 | OK | |
r-devel-linux-x86_64-fedora-clang | 0.2.3 | 411.00 | 458.55 | 869.55 | OK | |
r-devel-linux-x86_64-fedora-gcc | 0.2.3 | 230.00 | 620.77 | 850.77 | OK | |
r-devel-windows-x86_64 | 0.2.3 | 163.00 | 319.00 | 482.00 | OK | |
r-patched-linux-x86_64 | 0.2.3 | 168.76 | 323.62 | 492.38 | OK | |
r-release-linux-x86_64 | 0.2.3 | 166.12 | 328.16 | 494.28 | OK | |
r-release-macos-arm64 | 0.2.3 | 57.00 | 123.00 | 180.00 | OK | |
r-release-macos-x86_64 | 0.2.3 | 73.00 | 286.00 | 359.00 | OK | |
r-release-windows-x86_64 | 0.2.3 | 163.00 | 313.00 | 476.00 | OK | |
r-oldrel-macos-arm64 | 0.2.3 | 60.00 | 121.00 | 181.00 | NOTE | |
r-oldrel-macos-x86_64 | 0.2.3 | 82.00 | 280.00 | 362.00 | NOTE | |
r-oldrel-windows-x86_64 | 0.2.3 | 190.00 | 440.00 | 630.00 | OK |
Version: 0.2.3
Check: installed package size
Result: NOTE
installed size is 43.3Mb
sub-directories of 1Mb or more:
libs 42.3Mb
Flavors: r-oldrel-macos-arm64, r-oldrel-macos-x86_64