CRAN Package Check Results for Package Z10

Last updated on 2025-11-20 02:49:30 CET.

Flavor Version Tinstall Tcheck Ttotal Status Flags
r-devel-linux-x86_64-debian-clang 0.1.0 2.34 22.21 24.55 NOTE
r-devel-linux-x86_64-debian-gcc 0.1.0 1.76 18.37 20.13 NOTE
r-devel-linux-x86_64-fedora-clang 0.1.0 38.80 OK
r-devel-linux-x86_64-fedora-gcc 0.1.0 36.94 OK
r-devel-windows-x86_64 0.1.0 7.00 40.00 47.00 OK
r-patched-linux-x86_64 0.1.0 2.46 20.69 23.15 OK
r-release-linux-x86_64 0.1.0 2.19 20.64 22.83 OK
r-release-macos-arm64 0.1.0 OK
r-release-macos-x86_64 0.1.0 3.00 28.00 31.00 OK
r-release-windows-x86_64 0.1.0 5.00 41.00 46.00 OK
r-oldrel-macos-arm64 0.1.0 NOTE
r-oldrel-macos-x86_64 0.1.0 2.00 20.00 22.00 NOTE
r-oldrel-windows-x86_64 0.1.0 5.00 47.00 52.00 NOTE

Check Details

Version: 0.1.0
Check: CRAN incoming feasibility
Result: NOTE Maintainer: ‘Robert Lee <rhlee@colorado.edu>’ No Authors@R field in DESCRIPTION. Please add one, modifying Authors@R: person(given = "Robert", family = "Lee", role = c("aut", "cre"), email = "rhlee@colorado.edu") as necessary. Flavors: r-devel-linux-x86_64-debian-clang, r-devel-linux-x86_64-debian-gcc

Version: 0.1.0
Check: package dependencies
Result: NOTE Packages suggested but not available for checking: 'RNRCS', 'metScanR' Flavors: r-oldrel-macos-arm64, r-oldrel-macos-x86_64, r-oldrel-windows-x86_64

Version: 0.1.0
Check: LazyData
Result: NOTE 'LazyData' is specified without a 'data' directory Flavors: r-oldrel-macos-arm64, r-oldrel-macos-x86_64, r-oldrel-windows-x86_64